{"id":4264,"date":"2019-07-15T19:30:38","date_gmt":"2019-07-15T19:30:38","guid":{"rendered":"https:\/\/aco.com.br\/?post_type=product&#038;p=4264"},"modified":"2019-07-16T16:16:23","modified_gmt":"2019-07-16T16:16:23","slug":"analise-3d-modelagem-3dusinagem-impressao-3d","status":"publish","type":"product","link":"https:\/\/aco.com.br\/inicio\/aco\/analise-3d-modelagem-3dusinagem-impressao-3d\/","title":{"rendered":"An\u00e1lise 3D &#038; Usinagem+Modelagem 3D &#038; Impress\u00e3o 3D"},"content":{"rendered":"<p>&nbsp;<\/p>\n<h1>Modelagem 3D+Usinagem<\/h1>\n<p><img loading=\"lazy\" decoding=\"async\" class=\"size-full wp-image-4265 alignnone\" src=\"https:\/\/aco.com.br\/wp-content\/uploads\/2019\/07\/pl.gif\" alt=\"\" width=\"259\" height=\"291\" \/><\/p>\n<ul class=\"about-list\">\n<li>\u00a0<strong>Modelagem 2D e 3D<\/strong>\u00a0&#8211;\u00a0<em>Cria\u00e7\u00e3o de arquivo digital com o objeto 2D e 3D;<\/em><\/li>\n<li>\u00a0<strong>Modela\u00e7\u00e3o<\/strong>\u00a0&#8211;\u00a0<em>Prepara\u00e7\u00e3o do objeto usinado, no qual define-se a forma e pe\u00e7a do objeto usinado;<\/em><\/li>\n<li>\u00a0<strong>Usinagem CNC 2D e 3D<\/strong>\u00a0&#8211;\u00a0<em>Usinagem em m\u00e1quina do modelo 2D e 3D<br \/>\n(Materiais usin\u00e1veis: A\u00e7os Comuns &amp; Ligas Especiais);<br \/>\n<\/em><\/li>\n<\/ul>\n<p>&nbsp;<\/p>\n<ul class=\"about-list\">\n<li><strong>Acabamento <\/strong>&#8211; de Tratamentos T\u00e9rmicos e Polimentos \u00e0 Lubrifica\u00e7\u00e3o.<\/li>\n<\/ul>\n<h1>Impress\u00e3o 3D<\/h1>\n<p><img loading=\"lazy\" decoding=\"async\" class=\"wp-image-4270 size-full alignnone\" src=\"https:\/\/aco.com.br\/wp-content\/uploads\/2019\/07\/3d-1-e1563281587294.jpg\" alt=\"\" width=\"446\" height=\"450\" srcset=\"https:\/\/aco.com.br\/wp-content\/uploads\/2019\/07\/3d-1-e1563281587294.jpg 446w, https:\/\/aco.com.br\/wp-content\/uploads\/2019\/07\/3d-1-e1563281587294-396x400.jpg 396w, https:\/\/aco.com.br\/wp-content\/uploads\/2019\/07\/3d-1-e1563281587294-100x100.jpg 100w\" sizes=\"auto, (max-width: 446px) 100vw, 446px\" \/><\/p>\n<p><strong>A partir da modelagem tridimensional<\/strong> agora somos capazes de criar partes e pe\u00e7as de rolamentos e outros, com o intuito de complementar a capacita\u00e7\u00e3o de nossos produtos.<\/p>\n<p><em><strong>\u00a0 Estudamos a <a href=\"https:\/\/aco.com.br\/blog\/caderno-tecnico\/tribologia-o-que-e\/\">tribologia<\/a> entre pol\u00edmeros e a\u00e7os, levando em conta temperatura de opera\u00e7\u00e3o,<\/strong> <strong>rpm&#8217;s, o meio que ser\u00e1 usado e as press\u00f5es que ser\u00e3o aplicadas<\/strong>.\u00a0<\/em><\/p>\n<p>O uso de pol\u00edmero como material base para rolamentos, esferas ou gaiolas est\u00e1 crescendo devido ao fato de n\u00e3o necessitarem de lubrificantes, por\u00e9m, existem vantagens e desvantagens a serem avaliadas.<\/p>\n","protected":false},"excerpt":{"rendered":"<h1>An\u00e1lise 3D<\/h1>\n<p><img loading=\"lazy\" decoding=\"async\" class=\"wp-image-4266 alignnone\" src=\"https:\/\/aco.com.br\/wp-content\/uploads\/2019\/07\/mitutoyo.jpg\" alt=\"\" width=\"395\" height=\"395\" srcset=\"https:\/\/aco.com.br\/wp-content\/uploads\/2019\/07\/mitutoyo.jpg 900w, https:\/\/aco.com.br\/wp-content\/uploads\/2019\/07\/mitutoyo-280x280.jpg 280w, https:\/\/aco.com.br\/wp-content\/uploads\/2019\/07\/mitutoyo-400x400.jpg 400w, https:\/\/aco.com.br\/wp-content\/uploads\/2019\/07\/mitutoyo-768x768.jpg 768w, https:\/\/aco.com.br\/wp-content\/uploads\/2019\/07\/mitutoyo-800x800.jpg 800w, https:\/\/aco.com.br\/wp-content\/uploads\/2019\/07\/mitutoyo-560x560.jpg 560w, https:\/\/aco.com.br\/wp-content\/uploads\/2019\/07\/mitutoyo-297x297.jpg 297w, https:\/\/aco.com.br\/wp-content\/uploads\/2019\/07\/mitutoyo-100x100.jpg 100w\" sizes=\"auto, (max-width: 395px) 100vw, 395px\" \/><\/p>\n<p>A<strong> medi\u00e7\u00e3o tridimensional para pe\u00e7as<\/strong> \u00e9 fundamental para os processos industriais. Isso porque realiza o controle de qualidade dos procedimentos de usinagem, o que \u00e9 fundamental para garantir a qualidade e efici\u00eancia das pe\u00e7as para poder adequ\u00e1-las da melhor forma.<\/p>\n<p><em>O processo deve ser realizado por uma empresa certificada e que de prefer\u00eancia j\u00e1 esteja estabelecida no segmento, para garantir assertividade.<\/em><\/p>\n<p>U<strong>tilizando m\u00e1quinas Mitutoyo, unimos alta exatid\u00e3o ( A partir 1,7\u03bcm )<\/strong>, a uma alta gama de variedade e tamanhos dispon\u00edveis, para sermos capazes de construir modelos tridimensionais\u00a0de ultra-exatid\u00e3o, nos tornando capazes de analisar e corrigir usinagens de n\u00edvel extremamente avan\u00e7ado.<\/p>\n<p><em>Munidos com uma estrutura robusta e completa somos capazes de atingir performance e benef\u00edcio em praticamente todas as etapas da produ\u00e7\u00e3o dos rolamentos.<\/em><\/p>\n","protected":false},"featured_media":4286,"template":"","meta":{"inline_featured_image":false},"product_brand":[],"product_cat":[151],"product_tag":[615,617,616],"class_list":{"0":"post-4264","1":"product","2":"type-product","3":"status-publish","4":"has-post-thumbnail","6":"product_cat-laboratorio-metalografico","7":"product_tag-analise-3d","8":"product_tag-impressao-3d","9":"product_tag-usinagemmodelagem-3d","11":"first","12":"instock","13":"sold-individually","14":"shipping-taxable","15":"product-type-simple"},"aioseo_notices":[],"_links":{"self":[{"href":"https:\/\/aco.com.br\/inicio\/wp-json\/wp\/v2\/product\/4264","targetHints":{"allow":["GET"]}}],"collection":[{"href":"https:\/\/aco.com.br\/inicio\/wp-json\/wp\/v2\/product"}],"about":[{"href":"https:\/\/aco.com.br\/inicio\/wp-json\/wp\/v2\/types\/product"}],"wp:featuredmedia":[{"embeddable":true,"href":"https:\/\/aco.com.br\/inicio\/wp-json\/wp\/v2\/media\/4286"}],"wp:attachment":[{"href":"https:\/\/aco.com.br\/inicio\/wp-json\/wp\/v2\/media?parent=4264"}],"wp:term":[{"taxonomy":"product_brand","embeddable":true,"href":"https:\/\/aco.com.br\/inicio\/wp-json\/wp\/v2\/product_brand?post=4264"},{"taxonomy":"product_cat","embeddable":true,"href":"https:\/\/aco.com.br\/inicio\/wp-json\/wp\/v2\/product_cat?post=4264"},{"taxonomy":"product_tag","embeddable":true,"href":"https:\/\/aco.com.br\/inicio\/wp-json\/wp\/v2\/product_tag?post=4264"}],"curies":[{"name":"wp","href":"https:\/\/api.w.org\/{rel}","templated":true}]}}