{"id":4176,"date":"2019-07-10T15:41:58","date_gmt":"2019-07-10T15:41:58","guid":{"rendered":"https:\/\/aco.com.br\/?post_type=product&#038;p=4176"},"modified":"2019-09-10T13:45:32","modified_gmt":"2019-09-10T13:45:32","slug":"magna-flux-analise-fisica-de-qualidade","status":"publish","type":"product","link":"https:\/\/aco.com.br\/inicio\/aco\/magna-flux-analise-fisica-de-qualidade\/","title":{"rendered":"Magna Flux &#8211; An\u00e1lise F\u00edsica de Qualidade"},"content":{"rendered":"<p><img loading=\"lazy\" decoding=\"async\" class=\"size-medium wp-image-4656 aligncenter\" src=\"https:\/\/aco.com.br\/wp-content\/uploads\/2019\/07\/mega-752x400.jpg\" alt=\"\" width=\"752\" height=\"400\" srcset=\"https:\/\/aco.com.br\/wp-content\/uploads\/2019\/07\/mega-752x400.jpg 752w, https:\/\/aco.com.br\/wp-content\/uploads\/2019\/07\/mega-768x409.jpg 768w, https:\/\/aco.com.br\/wp-content\/uploads\/2019\/07\/mega-560x298.jpg 560w, https:\/\/aco.com.br\/wp-content\/uploads\/2019\/07\/mega-900x479.jpg 900w, https:\/\/aco.com.br\/wp-content\/uploads\/2019\/07\/mega.jpg 940w\" sizes=\"auto, (max-width: 752px) 100vw, 752px\" \/><\/p>\n<h2>Campo de Fuga:<\/h2>\n<p>Neste aspecto interessante <strong>da An\u00e1lise Magna-Flux,<\/strong> \u00e9 que podemos observar \u00e9 que o<em> campo de fuga<\/em> somente ocorre quando existe uma diferen\u00e7a na continuidade das caracter\u00edsticas magn\u00e9ticas do material base inspecionado. Assim todas as descontinuidades a serem detectadas possuem caracter\u00edsticas magn\u00e9ticas bem diferente do metal base, o que atribui ao ensaio <em>grande sensibilidade de detec\u00e7\u00e3o.<\/em><\/p>\n<p>Outro aspecto tamb\u00e9m \u00e9 a <strong>n\u00e3o exist\u00eancia de um tamanho m\u00ednimo da descontinuidade<\/strong> para que ocorra o campo de fuga, <strong>o que faz com que o m\u00e9todo de ensaio por part\u00edculas magn\u00e9ticas seja mais eficiente dos m\u00e9todos superficiais<\/strong> at\u00e9 mesmo que o ensaio por l\u00edquidos penetrantes, <strong>para materiais ferromagn\u00e9ticos.<\/strong><\/p>\n<p><img loading=\"lazy\" decoding=\"async\" class=\"wp-image-4180 aligncenter\" style=\"font-size: 14.4px;\" src=\"https:\/\/aco.com.br\/wp-content\/uploads\/2019\/07\/1974212.png\" alt=\"\" width=\"187\" height=\"165\" srcset=\"https:\/\/aco.com.br\/wp-content\/uploads\/2019\/07\/1974212.png 600w, https:\/\/aco.com.br\/wp-content\/uploads\/2019\/07\/1974212-454x400.png 454w\" sizes=\"auto, (max-width: 187px) 100vw, 187px\" \/><\/p>\n<h2 style=\"font-size: 23.04px;\">Seguran\u00e7a:<\/h2>\n<p style=\"font-size: 14.4px;\"><strong>Quase atingindo o n\u00edvel das emiss\u00f5es usadas em m\u00e1quinas de\u00a0Raio-X<\/strong>\u00a0\u00e9 necess\u00e1rio o\u00a0<strong>uso de \u00f3culos e aventais especiais<\/strong>\u00a0como\u00a0<strong>Equipamento de Prote\u00e7\u00e3o Individual<\/strong>, devido a esta emiss\u00e3o intensa que pode ser <strong>abrasiva a nossos \u00f3rg\u00e3os<\/strong>, atingindo leigos e especialistas, podendo causar, tontura, mal estar e at\u00e9 mesmo cegueira, at\u00e9 mesmo de maneira indireta.<\/p>\n<h4 style=\"font-size: 14.4px;\"><em><strong>EPI necess\u00e1rio!<\/strong><\/em><\/h4>\n<p>&nbsp;<\/p>\n","protected":false},"excerpt":{"rendered":"<h1>Magna Flux &#8211; An\u00e1lise F\u00edsica de Qualidade<\/h1>\n<p>Se trata de um conjunto de instrumentos espec\u00edficos <strong>para an\u00e1lises f\u00edsicas de poss\u00edveis problemas da constitui\u00e7\u00e3o superficial<\/strong> dos materiais de metal (ou ferromagn\u00e9ticos), \u00e9 um teste n\u00e3o-destrutivo, no qual n\u00f3s usamos a <strong>Lanterna UVG-Labino<\/strong> para aplica\u00e7\u00e3o de<strong> Luz Ultra Violeta, <\/strong>sobre a pe\u00e7a, barra, rolamento, etc, que ser\u00e1 revestido<strong> com um l\u00edquido especial carregado i\u00f4nica ou magneticamente<\/strong> e preparado atrav\u00e9s de anos de estudos<strong> para refletir a fluoresc\u00eancia que se acumula onde n\u00e3o h\u00e1 a const\u00e2ncia necess\u00e1ria do material<\/strong>.<\/p>\n<p>Este l\u00edquido penetrante que reflete descontinuidades \u00e9 remov\u00edvel a solvente, para maior efici\u00eancia e claridade, <em><strong>acumulando-se <\/strong><\/em>(no <strong><em>campo de fuga<\/em><\/strong>) apenas em\u00a0 trincas, esc\u00f3rias, falta de fus\u00e3o, porosidade, inclus\u00f5es, fraturas, soldas, forjados,\u00a0<span style=\"font-size: 14.4px;\">etc&#8230; \u00c9 t<\/span><span style=\"font-size: 14.4px;\">amb\u00e9m usado em vasos de press\u00e3o, rolamentos, fundi\u00e7\u00f5es, metalurgia geral, usinas de energia, inspe\u00e7\u00e3o de maquin\u00e1rio e em sites e materiais constru\u00e7\u00e3o.<\/span><\/p>\n","protected":false},"featured_media":4656,"template":"","meta":{"inline_featured_image":false},"product_brand":[],"product_cat":[151],"product_tag":[287,573,568,566,570,565,564,571,567,572,342,569],"class_list":{"0":"post-4176","1":"product","2":"type-product","3":"status-publish","4":"has-post-thumbnail","6":"product_cat-laboratorio-metalografico","7":"product_tag-analise-fisica","8":"product_tag-cuidado","9":"product_tag-ensaio","10":"product_tag-ensaio-fisico","11":"product_tag-fraturas","12":"product_tag-lumens","13":"product_tag-magna-flux","14":"product_tag-maquinas","15":"product_tag-nao-destrutivo","16":"product_tag-perigo","17":"product_tag-rolamentos","18":"product_tag-ultra-violeta","20":"first","21":"instock","22":"sold-individually","23":"shipping-taxable","24":"product-type-simple"},"aioseo_notices":[],"_links":{"self":[{"href":"https:\/\/aco.com.br\/inicio\/wp-json\/wp\/v2\/product\/4176","targetHints":{"allow":["GET"]}}],"collection":[{"href":"https:\/\/aco.com.br\/inicio\/wp-json\/wp\/v2\/product"}],"about":[{"href":"https:\/\/aco.com.br\/inicio\/wp-json\/wp\/v2\/types\/product"}],"wp:featuredmedia":[{"embeddable":true,"href":"https:\/\/aco.com.br\/inicio\/wp-json\/wp\/v2\/media\/4656"}],"wp:attachment":[{"href":"https:\/\/aco.com.br\/inicio\/wp-json\/wp\/v2\/media?parent=4176"}],"wp:term":[{"taxonomy":"product_brand","embeddable":true,"href":"https:\/\/aco.com.br\/inicio\/wp-json\/wp\/v2\/product_brand?post=4176"},{"taxonomy":"product_cat","embeddable":true,"href":"https:\/\/aco.com.br\/inicio\/wp-json\/wp\/v2\/product_cat?post=4176"},{"taxonomy":"product_tag","embeddable":true,"href":"https:\/\/aco.com.br\/inicio\/wp-json\/wp\/v2\/product_tag?post=4176"}],"curies":[{"name":"wp","href":"https:\/\/api.w.org\/{rel}","templated":true}]}}