{"id":3546,"date":"2019-06-17T14:29:53","date_gmt":"2019-06-17T14:29:53","guid":{"rendered":"https:\/\/aco.com.br\/?post_type=product&#038;p=3546"},"modified":"2019-08-05T12:26:02","modified_gmt":"2019-08-05T12:26:02","slug":"rolamento-de-giro-engrenado-trator-escavadeiras","status":"publish","type":"product","link":"https:\/\/aco.com.br\/inicio\/aco\/rolamento-de-giro-engrenado-trator-escavadeiras\/","title":{"rendered":"Rolamento de Giro Engrenado &#8211; Trator &#038; Escavadeiras"},"content":{"rendered":"<p>Entre em contato conosco para solicitar uma cota\u00e7\u00e3o de <strong>reforma<\/strong> ou <strong>fabrica\u00e7\u00e3o<\/strong> de\u00a0<strong>Rolamento de Giro<\/strong> <strong>Engrenado<\/strong> para\u00a0 <strong>Tratores<\/strong> &amp; <strong>Escavadeiras<\/strong>.<\/p>\n<p><img loading=\"lazy\" decoding=\"async\" class=\"alignnone size-full wp-image-3566\" src=\"https:\/\/aco.com.br\/wp-content\/uploads\/2019\/06\/escavadeira.jpg\" alt=\"Rolamento de Giro Engrenado \u2013 Trator &amp; Escavadeiras\" width=\"1292\" height=\"409\" srcset=\"https:\/\/aco.com.br\/wp-content\/uploads\/2019\/06\/escavadeira.jpg 1292w, https:\/\/aco.com.br\/wp-content\/uploads\/2019\/06\/escavadeira-800x253.jpg 800w, https:\/\/aco.com.br\/wp-content\/uploads\/2019\/06\/escavadeira-768x243.jpg 768w, https:\/\/aco.com.br\/wp-content\/uploads\/2019\/06\/escavadeira-900x285.jpg 900w\" sizes=\"auto, (max-width: 1292px) 100vw, 1292px\" \/><\/p>\n<blockquote>\n<p style=\"text-align: left;\"><strong><em>O recondicionamento propicia<\/em><\/strong> <strong><em>\u201ceconomia de at\u00e9 70% do valor de pe\u00e7a nova e vida \u00fatil igual ou superior se feita manuten\u00e7\u00e3o preventiva\u201d.<\/em><\/strong><\/p>\n<\/blockquote>\n<p><strong>\u00a0<\/strong><strong>Localizada na zona Oeste da capital paulista, a empresa conta em seu parque fabril <\/strong>com fresas automatizadas, tornos CNC e tornos mec\u00e2nicos de grande porte (at\u00e9 1.600 mm)<strong> voltados para a fabrica\u00e7\u00e3o de rolamentos, de pe\u00e7as usinadas especiais, al\u00e9m da reforma e recondicionamento de rolamentos dos mais variados tamanhos e tipos:<\/strong><strong><em>\u00a0<\/em><\/strong><\/p>\n<table>\n<tbody>\n<tr>\n<td>\n<ul>\n<li>Axiais,<\/li>\n<li>Radiais,<\/li>\n<li>Engrenados,<\/li>\n<li>Autocompensadores,<\/li>\n<\/ul>\n<\/td>\n<td>\n<ul>\n<li>Compensadores de Rolo,<\/li>\n<li>Compensadores de Esferas,<\/li>\n<li>Roletes da coroa de giro de escavadeira,<\/li>\n<li>Mancais e Suportes para Rolamentos;<\/li>\n<\/ul>\n<\/td>\n<\/tr>\n<\/tbody>\n<\/table>\n<p><strong>Sendo os rolamentos as articula\u00e7\u00f5es mec\u00e2nicas, <\/strong>ou seja, uma das partes mais importantes para o funcionamento mec\u00e2nico de toda linha de produ\u00e7\u00e3o ou equipamento motor e\/ou rotor, pois <strong>quase 100% da ind\u00fastria mundial moderna funciona com equipamentos que requerem giros <\/strong>(de carros e caminh\u00f5es \u00e0 turbinas de avi\u00f5es, e at\u00e9 em sistemas de ponta, criados para energia renov\u00e1vel).<\/p>\n<p>&nbsp;<\/p>\n<p><img loading=\"lazy\" decoding=\"async\" class=\"alignnone size-full wp-image-3501\" src=\"https:\/\/aco.com.br\/wp-content\/uploads\/2019\/06\/ar-rolamentos-reforma-recondicionamento-fabricante-importacao-importadora-empresa-sao-paulo-sp.jpg\" alt=\"ar-rolamentos-reforma-recondicionamento-fabricante-importacao-importadora-empresa-sao-paulo-sp\" width=\"1280\" height=\"529\" srcset=\"https:\/\/aco.com.br\/wp-content\/uploads\/2019\/06\/ar-rolamentos-reforma-recondicionamento-fabricante-importacao-importadora-empresa-sao-paulo-sp.jpg 1280w, https:\/\/aco.com.br\/wp-content\/uploads\/2019\/06\/ar-rolamentos-reforma-recondicionamento-fabricante-importacao-importadora-empresa-sao-paulo-sp-800x331.jpg 800w, https:\/\/aco.com.br\/wp-content\/uploads\/2019\/06\/ar-rolamentos-reforma-recondicionamento-fabricante-importacao-importadora-empresa-sao-paulo-sp-768x317.jpg 768w, https:\/\/aco.com.br\/wp-content\/uploads\/2019\/06\/ar-rolamentos-reforma-recondicionamento-fabricante-importacao-importadora-empresa-sao-paulo-sp-900x372.jpg 900w\" sizes=\"auto, (max-width: 1280px) 100vw, 1280px\" \/><\/p>\n<h3><\/h3>\n<p style=\"text-align: left;\">Dizem que as crises trazem oportunidades. E a <strong>A\u00e7os Roman<\/strong> soube aproveit\u00e1-las. No in\u00edcio dos anos 2000, nossa empresa &#8211; que est\u00e1 h\u00e1 mais de 60 anos no mercado de produtos sider\u00fargicos &#8211; investe em equipamentos de usinagem e metalografia para ampliar o leque de servi\u00e7os prestados ao mercado.<\/p>\n<h2 style=\"text-align: left;\"><strong>Rolamentos Especiais<\/strong><\/h2>\n<p style=\"text-align: left;\">O novo servi\u00e7o deu origem a uma empresa, <strong>a AR Rolamentos.<\/strong> A princ\u00edpio, o foco era a usinagem de rolamentos m\u00e9dios, para maquin\u00e1rios industriais. Por\u00e9m, a pr\u00f3pria demanda interna levou a empresa a se especializar na reforma e recondicionamento dessas pe\u00e7as. <strong>Nossa empresa, garantindo qualidade atrav\u00e9s do laborat\u00f3rio metalogr\u00e1fico, aliada \u00e0 capacidade de usinagem, levou a empresa para outro patamar.<\/strong><\/p>\n<p style=\"text-align: left;\">E visando ainda mais upgrades &#8211; de acordo com a empresa, \u201co elevado custo dos rolamentos importados e nossa extrema aten\u00e7\u00e3o aos detalhes t\u00e9cnicos de cada projeto abriu portas para o surgimento do mercado de reformas\u201d.<\/p>\n<p><strong>\u00a0<\/strong><em>Sendo assim, \u201ca revis\u00e3o e redirecionamento de pe\u00e7as para reforma e manuten\u00e7\u00e3o preventiva de acidentes e travas em m\u00e1quinas e linhas de produ\u00e7\u00e3o pode salvar muito tempo e dinheiro, <strong>tanto em ind\u00fastrias automobil\u00edsticas e sider\u00fargicas<\/strong> (linhas de montagem, usinagem, cortes, tornos, pontes rolantes) <strong>quanto em opera\u00e7\u00f5es de construtoras e mineradoras<\/strong> (escavadeiras, tratores, guindastes, betoneiras, caminh\u00f5es de grande porte) , <strong>e at\u00e9 mesmo em m\u00e1quinas menores utilizadas em excesso di\u00e1rio,<\/strong> como serras, moto serras, britadeiras, cortadores de grama, etc.\u201d<\/em><\/p>\n<p style=\"text-align: left;\">Segundo a <a href=\"http:\/\/arrolamentos.com\"><strong>AR Rolamentos<\/strong><\/a>, por essas vantagens, tem crescido a demanda por <strong><em>reforma e recondicionamento de rolamentos, principalmente entre as empresas dos setores petrol\u00edferos, cimenteiro, de minera\u00e7\u00e3o, de papel e celulose, sider\u00fargico e sucroalcooleiro.<\/em><\/strong><\/p>\n<p><strong>O ideal, aprendido durante anos na A.R. Rolamentos e A\u00e7os Roman, \u00e9 a revis\u00e3o das m\u00e1quinas para preven\u00e7\u00e3o de quebras de pe\u00e7as. Portanto <a href=\"https:\/\/aco.com.br\/contato\">entre em contato<\/a> para solicitar uma visita t\u00e9cnica de nossa equipe de engenharia especializada!<\/strong><\/p>\n","protected":false},"excerpt":{"rendered":"<h3>Reforma, Fabrica\u00e7\u00e3o &amp; Importa\u00e7\u00e3o de\u00a0Rolamentos Especiais<\/h3>\n<p>&nbsp;<\/p>\n<p><img loading=\"lazy\" decoding=\"async\" class=\"alignnone wp-image-4234\" src=\"https:\/\/aco.com.br\/wp-content\/uploads\/2019\/06\/grenaG.png\" alt=\"\" width=\"602\" height=\"402\" srcset=\"https:\/\/aco.com.br\/wp-content\/uploads\/2019\/06\/grenaG.png 885w, https:\/\/aco.com.br\/wp-content\/uploads\/2019\/06\/grenaG-599x400.png 599w, https:\/\/aco.com.br\/wp-content\/uploads\/2019\/06\/grenaG-768x513.png 768w, https:\/\/aco.com.br\/wp-content\/uploads\/2019\/06\/grenaG-560x374.png 560w\" sizes=\"auto, (max-width: 602px) 100vw, 602px\" \/><\/p>\n<ul>\n<li><strong>Descri\u00e7\u00e3o<\/strong><br \/>\nFeito como outros rolamentos compostos por dois an\u00e9is, gaiola, rolos ou esferas, tanto a parte externa quanto a parte interna (em transmiss\u00f5es planet\u00e1rias os rolos tamb\u00e9m) podem ser usinados em formatos de engrenagem, sejam eles c\u00f4nicos, regulares, obl\u00edquos e at\u00e9 helicoidais.<\/li>\n<li><strong>Vantagens<\/strong><br \/>\nO design rolamento-engrenagem incorpora maior pot\u00eancia, com absor\u00e7\u00e3o de impacto, melhor desempenho do mancal axial e capacidade de ajuste de fase,\u00a0para utiliza\u00e7\u00e3o de mais torque (com rela\u00e7\u00e3o a rolamentos) e com uma<br \/>\ncapacidade incr\u00edvel para controle de velocidades (superior a engrenagens);<\/li>\n<\/ul>\n<p>Por combinar fun\u00e7\u00f5es de engrenagens e rolamentos, reduz o peso, o n\u00famero de pe\u00e7as, o tamanho da pe\u00e7a e o custo, al\u00e9m de aumentar a capacidade de carga e o desempenho.<\/p>\n<ul>\n<li><strong>Caracter\u00edsticas t\u00e9cnicas especiais<\/strong><br \/>\nA\u00e7os comumente utilizados s\u00e3o 4140 e 1045, tempera por indu\u00e7\u00e3o ou chama para n\u00e3o torcer o material.<\/li>\n<li><strong>Aplica\u00e7\u00f5es<\/strong>\u00a0<strong>dos Rolamentos Engrenados<\/strong><br \/>\nEsta tecnologia representa uma inova\u00e7\u00e3o na arquitetura mec\u00e2nica ao combinar as fun\u00e7\u00f5es de engrenagem e rolamento em uma \u00fanica unidade que melhora significativamente as unidades de engrenagem servem para:<br \/>\n* <strong>Tratores &amp;\u00a0Escavadeiras<\/strong>;<br \/>\n* Motores El\u00e9tricos<br \/>\n* Motores de Combust\u00e3o Interna;<br \/>\n* Turbinas;<br \/>\n* Tratamentos de \u00e1gua e esgoto;<br \/>\n* Minera\u00e7\u00e3o;<br \/>\n* Ambiental;<br \/>\n* Constru\u00e7\u00e3o civil;<br \/>\n* Linhas de produ\u00e7\u00e3o;<\/li>\n<\/ul>\n","protected":false},"featured_media":3524,"template":"","meta":{"inline_featured_image":false},"product_brand":[],"product_cat":[92],"product_tag":[360,363,356,365,340,362,338,341,342,347,364],"class_list":{"0":"post-3546","1":"product","2":"type-product","3":"status-publish","4":"has-post-thumbnail","6":"product_cat-rolamentos","7":"product_tag-axial","8":"product_tag-engrenado","9":"product_tag-escavadeira","10":"product_tag-escavadeiras","11":"product_tag-importacao","12":"product_tag-prensas","13":"product_tag-reforma","14":"product_tag-rolamento","15":"product_tag-rolamentos","16":"product_tag-rolete","17":"product_tag-trator","19":"first","20":"instock","21":"sold-individually","22":"shipping-taxable","23":"product-type-simple"},"aioseo_notices":[],"_links":{"self":[{"href":"https:\/\/aco.com.br\/inicio\/wp-json\/wp\/v2\/product\/3546","targetHints":{"allow":["GET"]}}],"collection":[{"href":"https:\/\/aco.com.br\/inicio\/wp-json\/wp\/v2\/product"}],"about":[{"href":"https:\/\/aco.com.br\/inicio\/wp-json\/wp\/v2\/types\/product"}],"wp:featuredmedia":[{"embeddable":true,"href":"https:\/\/aco.com.br\/inicio\/wp-json\/wp\/v2\/media\/3524"}],"wp:attachment":[{"href":"https:\/\/aco.com.br\/inicio\/wp-json\/wp\/v2\/media?parent=3546"}],"wp:term":[{"taxonomy":"product_brand","embeddable":true,"href":"https:\/\/aco.com.br\/inicio\/wp-json\/wp\/v2\/product_brand?post=3546"},{"taxonomy":"product_cat","embeddable":true,"href":"https:\/\/aco.com.br\/inicio\/wp-json\/wp\/v2\/product_cat?post=3546"},{"taxonomy":"product_tag","embeddable":true,"href":"https:\/\/aco.com.br\/inicio\/wp-json\/wp\/v2\/product_tag?post=3546"}],"curies":[{"name":"wp","href":"https:\/\/api.w.org\/{rel}","templated":true}]}}