{"id":3532,"date":"2019-06-14T16:34:23","date_gmt":"2019-06-14T16:34:23","guid":{"rendered":"https:\/\/aco.com.br\/?post_type=product&#038;p=3532"},"modified":"2019-08-05T12:19:00","modified_gmt":"2019-08-05T12:19:00","slug":"rolamento-de-carreta-bug-harvester-engrenado","status":"publish","type":"product","link":"https:\/\/aco.com.br\/inicio\/aco\/rolamento-de-carreta-bug-harvester-engrenado\/","title":{"rendered":"Rolamento de Carreta &#8220;BUG&#8221; &#8211; Equipamento Florestal &#8220;Harvester&#8221;"},"content":{"rendered":"<p><img loading=\"lazy\" decoding=\"async\" class=\"alignnone size-full wp-image-3501\" src=\"https:\/\/aco.com.br\/wp-content\/uploads\/2019\/06\/ar-rolamentos-reforma-recondicionamento-fabricante-importacao-importadora-empresa-sao-paulo-sp.jpg\" alt=\"ar-rolamentos-reforma-recondicionamento-fabricante-importacao-importadora-empresa-sao-paulo-sp\" width=\"1280\" height=\"529\" srcset=\"https:\/\/aco.com.br\/wp-content\/uploads\/2019\/06\/ar-rolamentos-reforma-recondicionamento-fabricante-importacao-importadora-empresa-sao-paulo-sp.jpg 1280w, https:\/\/aco.com.br\/wp-content\/uploads\/2019\/06\/ar-rolamentos-reforma-recondicionamento-fabricante-importacao-importadora-empresa-sao-paulo-sp-800x331.jpg 800w, https:\/\/aco.com.br\/wp-content\/uploads\/2019\/06\/ar-rolamentos-reforma-recondicionamento-fabricante-importacao-importadora-empresa-sao-paulo-sp-768x317.jpg 768w, https:\/\/aco.com.br\/wp-content\/uploads\/2019\/06\/ar-rolamentos-reforma-recondicionamento-fabricante-importacao-importadora-empresa-sao-paulo-sp-900x372.jpg 900w\" sizes=\"auto, (max-width: 1280px) 100vw, 1280px\" \/><\/p>\n<blockquote><p><strong><em>O recondicionamento propicia<\/em><\/strong>\u00a0<strong><em>\u201ceconomia de at\u00e9 70% do valor de pe\u00e7a nova e vida \u00fatil igual ou superior se feita manuten\u00e7\u00e3o preventiva\u201d.<\/em><\/strong><\/p><\/blockquote>\n<p><strong>\u00a0<\/strong><strong>Localizada na zona Oeste da capital paulista, a empresa conta em seu parque fabril\u00a0<\/strong>com fresas automatizadas, tornos CNC e tornos mec\u00e2nicos de grande porte (at\u00e9 1.600 mm)<strong>voltados para a fabrica\u00e7\u00e3o de rolamentos, de pe\u00e7as usinadas especiais, al\u00e9m da reforma e recondicionamento de rolamentos dos mais variados tamanhos e tipos:<\/strong><strong><em>\u00a0<\/em><\/strong><\/p>\n<table>\n<tbody>\n<tr>\n<td>\n<ul>\n<li>Axiais,<\/li>\n<li>Radiais,<\/li>\n<li>Engrenados,<\/li>\n<li>Autocompensadores,<\/li>\n<\/ul>\n<\/td>\n<td>\n<ul>\n<li>Compensadores de Rolo,<\/li>\n<li>Compensadores de Esferas,<\/li>\n<li>Roletes da coroa de giro de escavadeira,<\/li>\n<li>Mancais e Suportes para Rolamentos;<\/li>\n<\/ul>\n<\/td>\n<\/tr>\n<\/tbody>\n<\/table>\n<p><strong>Sendo os rolamentos as articula\u00e7\u00f5es mec\u00e2nicas,\u00a0<\/strong>ou seja, uma das partes mais importantes para o funcionamento mec\u00e2nico de toda linha de produ\u00e7\u00e3o ou equipamento motor e\/ou rotor, pois\u00a0<strong>quase 100% da ind\u00fastria mundial moderna funciona com equipamentos que requerem giros\u00a0<\/strong>(de carros e caminh\u00f5es \u00e0 turbinas de avi\u00f5es, e at\u00e9 em sistemas de ponta, criados para energia renov\u00e1vel).<\/p>\n<p>&nbsp;<\/p>\n","protected":false},"excerpt":{"rendered":"<p>A <a href=\"https:\/\/arrolamentos.com\"><strong>AR ROLAMENTOS<\/strong> <\/a>fabrica e recondiciona rolamentos para equipamentos florestais como o <strong>cabe\u00e7ote HARVESTER<\/strong> e <strong>carreta BUG<\/strong>. Rolamentos radiais engrenados de alta resist\u00eancia ao desgaste, e acabamento<span style=\"font-size: 14.4px;\">\u00a0<\/span><a href=\"http:\/\/Rolamento de Carreta &quot;BUG&quot; - Equipamento Florestal &quot;Harvester&quot;\"><strong style=\"font-size: 14.4px;\">BLACK OXIDE &#8211; \u00d3xido Preto\u00a0<\/strong><\/a><span style=\"font-size: 14.4px;\">para maior resist\u00eancia \u00e0 oxida\u00e7\u00e3o.<\/span><\/p>\n<p><a href=\"https:\/\/aco.com.br\/contato\"><strong>CONHE\u00c7A NOSSAS CONDI\u00c7\u00d5ES DE REFORMA E AGENDE UMA VISITA.<\/strong><\/a><\/p>\n<h3>Reforma &amp; Fabrica\u00e7\u00e3o de Rolamentos Especiais<\/h3>\n<h4>Rolamento Engrenado Carreta &#8220;BUG&#8221; &amp; Equipamento Florestal Cabe\u00e7ote &#8220;Harvester&#8221;<\/h4>\n<h3><\/h3>\n<div id='gallery-1' class='gallery galleryid-3532 gallery-columns-2 gallery-size-medium'><figure class='gallery-item'>\n\t\t\t<div class='gallery-icon landscape'>\n\t\t\t\t<a href='https:\/\/aco.com.br\/inicio\/?attachment_id=3516#main'><img width=\"400\" height=\"400\" src=\"https:\/\/aco.com.br\/wp-content\/uploads\/2019\/06\/rolamento-bug-carreta-florestal-papel-celulose-eucalipto-400x400.jpg\" class=\"attachment-medium size-medium\" alt=\"rolamento-bug-carreta-florestal-papel-celulose-eucalipto-CABE\u00c7OTE-HARVESTER\" decoding=\"async\" loading=\"lazy\" srcset=\"https:\/\/aco.com.br\/wp-content\/uploads\/2019\/06\/rolamento-bug-carreta-florestal-papel-celulose-eucalipto-400x400.jpg 400w, https:\/\/aco.com.br\/wp-content\/uploads\/2019\/06\/rolamento-bug-carreta-florestal-papel-celulose-eucalipto-280x280.jpg 280w, https:\/\/aco.com.br\/wp-content\/uploads\/2019\/06\/rolamento-bug-carreta-florestal-papel-celulose-eucalipto-768x768.jpg 768w, https:\/\/aco.com.br\/wp-content\/uploads\/2019\/06\/rolamento-bug-carreta-florestal-papel-celulose-eucalipto-800x800.jpg 800w, https:\/\/aco.com.br\/wp-content\/uploads\/2019\/06\/rolamento-bug-carreta-florestal-papel-celulose-eucalipto-297x297.jpg 297w, https:\/\/aco.com.br\/wp-content\/uploads\/2019\/06\/rolamento-bug-carreta-florestal-papel-celulose-eucalipto-900x900.jpg 900w, https:\/\/aco.com.br\/wp-content\/uploads\/2019\/06\/rolamento-bug-carreta-florestal-papel-celulose-eucalipto-100x100.jpg 100w, https:\/\/aco.com.br\/wp-content\/uploads\/2019\/06\/rolamento-bug-carreta-florestal-papel-celulose-eucalipto.jpg 1280w\" sizes=\"auto, (max-width: 400px) 100vw, 400px\" \/><\/a>\n\t\t\t<\/div><\/figure><figure class='gallery-item'>\n\t\t\t<div class='gallery-icon landscape'>\n\t\t\t\t<a href='https:\/\/aco.com.br\/inicio\/?attachment_id=4574#main'><img width=\"400\" height=\"400\" src=\"https:\/\/aco.com.br\/wp-content\/uploads\/2019\/06\/14493486-400x400.jpg\" class=\"attachment-medium size-medium\" alt=\"\" decoding=\"async\" loading=\"lazy\" srcset=\"https:\/\/aco.com.br\/wp-content\/uploads\/2019\/06\/14493486-400x400.jpg 400w, https:\/\/aco.com.br\/wp-content\/uploads\/2019\/06\/14493486-280x280.jpg 280w, https:\/\/aco.com.br\/wp-content\/uploads\/2019\/06\/14493486-560x560.jpg 560w, https:\/\/aco.com.br\/wp-content\/uploads\/2019\/06\/14493486-297x297.jpg 297w, https:\/\/aco.com.br\/wp-content\/uploads\/2019\/06\/14493486-100x100.jpg 100w, https:\/\/aco.com.br\/wp-content\/uploads\/2019\/06\/14493486.jpg 600w\" sizes=\"auto, (max-width: 400px) 100vw, 400px\" \/><\/a>\n\t\t\t<\/div><\/figure><figure class='gallery-item'>\n\t\t\t<div class='gallery-icon landscape'>\n\t\t\t\t<a href='https:\/\/aco.com.br\/inicio\/?attachment_id=4575#main'><img width=\"604\" height=\"400\" src=\"https:\/\/aco.com.br\/wp-content\/uploads\/2019\/06\/cabecote-head-harvester-papel-604x400.png\" class=\"attachment-medium size-medium\" alt=\"\" decoding=\"async\" loading=\"lazy\" srcset=\"https:\/\/aco.com.br\/wp-content\/uploads\/2019\/06\/cabecote-head-harvester-papel-604x400.png 604w, https:\/\/aco.com.br\/wp-content\/uploads\/2019\/06\/cabecote-head-harvester-papel-768x509.png 768w, https:\/\/aco.com.br\/wp-content\/uploads\/2019\/06\/cabecote-head-harvester-papel-560x371.png 560w, https:\/\/aco.com.br\/wp-content\/uploads\/2019\/06\/cabecote-head-harvester-papel.png 800w\" sizes=\"auto, (max-width: 604px) 100vw, 604px\" \/><\/a>\n\t\t\t<\/div><\/figure><figure class='gallery-item'>\n\t\t\t<div class='gallery-icon landscape'>\n\t\t\t\t<a href='https:\/\/aco.com.br\/inicio\/?attachment_id=4576#main'><img width=\"533\" height=\"400\" src=\"https:\/\/aco.com.br\/wp-content\/uploads\/2019\/06\/DSC00510-533x400.jpg\" class=\"attachment-medium size-medium\" alt=\"\" decoding=\"async\" loading=\"lazy\" srcset=\"https:\/\/aco.com.br\/wp-content\/uploads\/2019\/06\/DSC00510-533x400.jpg 533w, https:\/\/aco.com.br\/wp-content\/uploads\/2019\/06\/DSC00510-768x576.jpg 768w, https:\/\/aco.com.br\/wp-content\/uploads\/2019\/06\/DSC00510-1067x800.jpg 1067w, https:\/\/aco.com.br\/wp-content\/uploads\/2019\/06\/DSC00510-560x420.jpg 560w, https:\/\/aco.com.br\/wp-content\/uploads\/2019\/06\/DSC00510-900x675.jpg 900w, https:\/\/aco.com.br\/wp-content\/uploads\/2019\/06\/DSC00510.jpg 2048w\" sizes=\"auto, (max-width: 533px) 100vw, 533px\" \/><\/a>\n\t\t\t<\/div><\/figure>\n\t\t<\/div>\n\n<h5><strong>Contate o Grupo A.R. para Rolamentos de Carreta BUG e Cabe\u00e7ote Harvester &#8211; Equipamento Florestal<\/strong><\/h5>\n","protected":false},"featured_media":3516,"template":"","meta":{"inline_featured_image":false},"product_brand":[],"product_cat":[92],"product_tag":[351,359,353,352,748,751,750,358,749,340,346,338,341,342,347,350],"class_list":{"0":"post-3532","1":"product","2":"type-product","3":"status-publish","4":"has-post-thumbnail","6":"product_cat-rolamentos","7":"product_tag-aco","8":"product_tag-agulha","9":"product_tag-aluminio","10":"product_tag-bronze","11":"product_tag-cabecote","12":"product_tag-carreta-bug","13":"product_tag-florestal","14":"product_tag-gaiola","15":"product_tag-harvester","16":"product_tag-importacao","17":"product_tag-radial","18":"product_tag-reforma","19":"product_tag-rolamento","20":"product_tag-rolamentos","21":"product_tag-rolete","22":"product_tag-rotula","24":"first","25":"instock","26":"sold-individually","27":"shipping-taxable","28":"product-type-simple"},"aioseo_notices":[],"_links":{"self":[{"href":"https:\/\/aco.com.br\/inicio\/wp-json\/wp\/v2\/product\/3532","targetHints":{"allow":["GET"]}}],"collection":[{"href":"https:\/\/aco.com.br\/inicio\/wp-json\/wp\/v2\/product"}],"about":[{"href":"https:\/\/aco.com.br\/inicio\/wp-json\/wp\/v2\/types\/product"}],"wp:featuredmedia":[{"embeddable":true,"href":"https:\/\/aco.com.br\/inicio\/wp-json\/wp\/v2\/media\/3516"}],"wp:attachment":[{"href":"https:\/\/aco.com.br\/inicio\/wp-json\/wp\/v2\/media?parent=3532"}],"wp:term":[{"taxonomy":"product_brand","embeddable":true,"href":"https:\/\/aco.com.br\/inicio\/wp-json\/wp\/v2\/product_brand?post=3532"},{"taxonomy":"product_cat","embeddable":true,"href":"https:\/\/aco.com.br\/inicio\/wp-json\/wp\/v2\/product_cat?post=3532"},{"taxonomy":"product_tag","embeddable":true,"href":"https:\/\/aco.com.br\/inicio\/wp-json\/wp\/v2\/product_tag?post=3532"}],"curies":[{"name":"wp","href":"https:\/\/api.w.org\/{rel}","templated":true}]}}