{"id":1502,"date":"2019-03-12T14:16:17","date_gmt":"2019-03-12T14:16:17","guid":{"rendered":"https:\/\/www.aco.com.br\/?post_type=product&#038;p=1502"},"modified":"2019-05-21T18:15:39","modified_gmt":"2019-05-21T18:15:39","slug":"ensaio-de-tracao-e-compressao-analise-fisica-do-aco","status":"publish","type":"product","link":"https:\/\/aco.com.br\/inicio\/aco\/ensaio-de-tracao-e-compressao-analise-fisica-do-aco\/","title":{"rendered":"Ensaio de Tra\u00e7\u00e3o e Compress\u00e3o &#8211; An\u00e1lise F\u00edsica do A\u00e7o"},"content":{"rendered":"","protected":false},"excerpt":{"rendered":"<p><iframe loading=\"lazy\" width=\"560\" height=\"315\" src=\"https:\/\/www.youtube-nocookie.com\/embed\/zp4f2OPPK40?controls=0\" frameborder=\"0\" allow=\"accelerometer; autoplay; encrypted-media; gyroscope; picture-in-picture\" allowfullscreen><\/iframe><\/p>\n<h2><strong>Ensaio de Tra\u00e7\u00e3o e Compress\u00e3o<\/strong> \u2013 An\u00e1lise F\u00edsica do A\u00e7o<\/h2>\n<p>Os <strong>ensaios de tra\u00e7\u00e3o e compress\u00e3o do a\u00e7o<\/strong>, s\u00e3o ensaios destinados a testar a resili\u00eancia mec\u00e2nica e estrutural dos materiais, para que sejam feitos c\u00e1lculos que definem cargas limites, limites de escoamento e limites de ruptura, para aplica\u00e7\u00e3o de \u201c<em>janelas de seguran\u00e7a<\/em>\u201d, onde os dados s\u00e3o usados de refer\u00eancia para evitar quaisquer possibilidades de risco, seja na constru\u00e7\u00e3o de pontes, pr\u00e9dios, m\u00e1quinas, ferramentas, tratores, escavadeiras, etc.<\/p>\n<h3>N\u00f3s garantimos a qualidade do nosso material!<\/h3>\n<a href=\"https:\/\/aco.com.br\/contato\" class=\"button primary is-primary is-medium\"  >\n    <span>Contato<\/span>\n  <\/a>\n\n<hr\/>\n<p><a href=\"https:\/\/aco.com.br\/wp-content\/uploads\/2019\/03\/ensaio-de-tracao-compressao2.jpg\"><img loading=\"lazy\" decoding=\"async\" src=\"https:\/\/aco.com.br\/wp-content\/uploads\/2019\/03\/ensaio-de-tracao-compressao2.jpg\" alt=\"Ensaio de Tra\u00e7\u00e3o e Compress\u00e3o - An\u00e1lise F\u00edsica do A\u00e7o | Ensaio de Tra\u00e7\u00e3o e Compress\u00e3o - An\u00e1lise F\u00edsica do A\u00e7o\" width=\"1451\" height=\"469\" class=\"alignnone size-full wp-image-3221\" srcset=\"https:\/\/aco.com.br\/wp-content\/uploads\/2019\/03\/ensaio-de-tracao-compressao2.jpg 1451w, https:\/\/aco.com.br\/wp-content\/uploads\/2019\/03\/ensaio-de-tracao-compressao2-800x259.jpg 800w, https:\/\/aco.com.br\/wp-content\/uploads\/2019\/03\/ensaio-de-tracao-compressao2-768x248.jpg 768w, https:\/\/aco.com.br\/wp-content\/uploads\/2019\/03\/ensaio-de-tracao-compressao2-1400x453.jpg 1400w, https:\/\/aco.com.br\/wp-content\/uploads\/2019\/03\/ensaio-de-tracao-compressao2-900x291.jpg 900w\" sizes=\"auto, (max-width: 1451px) 100vw, 1451px\" \/><\/a><\/p>\n","protected":false},"featured_media":3220,"template":"","meta":{"inline_featured_image":false},"product_brand":[],"product_cat":[151],"product_tag":[312,311,310],"class_list":{"0":"post-1502","1":"product","2":"type-product","3":"status-publish","4":"has-post-thumbnail","6":"product_cat-laboratorio-metalografico","7":"product_tag-analise-fisica-do-aco","8":"product_tag-ensaio-de-compressao","9":"product_tag-ensaio-de-tracao","11":"first","12":"instock","13":"sold-individually","14":"shipping-taxable","15":"product-type-simple"},"aioseo_notices":[],"_links":{"self":[{"href":"https:\/\/aco.com.br\/inicio\/wp-json\/wp\/v2\/product\/1502","targetHints":{"allow":["GET"]}}],"collection":[{"href":"https:\/\/aco.com.br\/inicio\/wp-json\/wp\/v2\/product"}],"about":[{"href":"https:\/\/aco.com.br\/inicio\/wp-json\/wp\/v2\/types\/product"}],"wp:featuredmedia":[{"embeddable":true,"href":"https:\/\/aco.com.br\/inicio\/wp-json\/wp\/v2\/media\/3220"}],"wp:attachment":[{"href":"https:\/\/aco.com.br\/inicio\/wp-json\/wp\/v2\/media?parent=1502"}],"wp:term":[{"taxonomy":"product_brand","embeddable":true,"href":"https:\/\/aco.com.br\/inicio\/wp-json\/wp\/v2\/product_brand?post=1502"},{"taxonomy":"product_cat","embeddable":true,"href":"https:\/\/aco.com.br\/inicio\/wp-json\/wp\/v2\/product_cat?post=1502"},{"taxonomy":"product_tag","embeddable":true,"href":"https:\/\/aco.com.br\/inicio\/wp-json\/wp\/v2\/product_tag?post=1502"}],"curies":[{"name":"wp","href":"https:\/\/api.w.org\/{rel}","templated":true}]}}