{"id":1499,"date":"2019-03-12T14:13:04","date_gmt":"2019-03-12T14:13:04","guid":{"rendered":"https:\/\/www.aco.com.br\/?post_type=product&#038;p=1499"},"modified":"2023-06-05T21:47:25","modified_gmt":"2023-06-05T21:47:25","slug":"descascamento-ate-30t","status":"publish","type":"product","link":"https:\/\/aco.com.br\/inicio\/aco\/descascamento-ate-30t\/","title":{"rendered":"Descascamento at\u00e9 30T"},"content":{"rendered":"","protected":false},"excerpt":{"rendered":"<h3><strong>Descascamento<\/strong> de barras de a\u00e7o redondas &#8211; A\u00e7os Roman<\/h3>\n<p>O <strong>A\u00e7o Descascado<\/strong> (<em>ou Barras de a\u00e7o descascadas<\/em>) tem grande versatilidade de aplica\u00e7\u00e3o na ind\u00fastria e m\u00e1quinas do setor de constru\u00e7\u00e3o mec\u00e2nica &#8211; como cilindros hidr\u00e1ulicos, bombas, eixos e pe\u00e7as automobil\u00edsticas.<\/p>\n<h2>Vantagens do <strong>A\u00e7o Descascado<\/strong><\/h2>\n<p>A <strong>Barra de a\u00e7o descascado<\/strong> \u00e9 fabricada sob medida a partir do material laminado ou trefilado, e apresenta enorme vantagens em rela\u00e7\u00e3o ao custo-benef\u00edcio. S\u00e3o pe\u00e7as de pre\u00e7os acess\u00edveis, e grande durabilidade.<\/p>\n<p><img loading=\"lazy\" decoding=\"async\" class=\"aligncenter size-full wp-image-1621\" src=\"https:\/\/aco.com.br\/wp-content\/uploads\/2019\/03\/descascadeiras-aco-carbono-especial-2.jpg\" alt=\"Descascadeira: A\u00e7o Barras Descascado - M\u00e3o de Obra usina F\u00e1brica S\u00e3o Paulo, SP\" width=\"1600\" height=\"743\" srcset=\"https:\/\/aco.com.br\/wp-content\/uploads\/2019\/03\/descascadeiras-aco-carbono-especial-2.jpg 1600w, https:\/\/aco.com.br\/wp-content\/uploads\/2019\/03\/descascadeiras-aco-carbono-especial-2-800x372.jpg 800w, https:\/\/aco.com.br\/wp-content\/uploads\/2019\/03\/descascadeiras-aco-carbono-especial-2-768x357.jpg 768w, https:\/\/aco.com.br\/wp-content\/uploads\/2019\/03\/descascadeiras-aco-carbono-especial-2-1400x650.jpg 1400w, https:\/\/aco.com.br\/wp-content\/uploads\/2019\/03\/descascadeiras-aco-carbono-especial-2-900x418.jpg 900w\" sizes=\"auto, (max-width: 1600px) 100vw, 1600px\" \/><\/p>\n<h3>Disponibilidade de<strong> barras de a\u00e7o descascadas<\/strong><\/h3>\n<p>A <strong>A\u00e7os Roman<\/strong> fornece <strong>material em barras redondas descascadas<\/strong>, laminadas, <a href=\"https:\/\/aco.com.br\/aco\/servicos\/retifica-ate-500mm\/\">retificadas<\/a>, trefiladas e forjadas.<br \/>\n<a href=\"https:\/\/aco.com.br\/acos-especiais-construcao-mecanica\/\"><strong>(Ver cat\u00e1logo de a\u00e7os especiais)<\/strong> <\/a><\/p>\n","protected":false},"featured_media":1621,"template":"","meta":{"inline_featured_image":false},"product_brand":[],"product_cat":[86],"product_tag":[989,990,988,282],"class_list":{"0":"post-1499","1":"product","2":"type-product","3":"status-publish","4":"has-post-thumbnail","6":"product_cat-servicos","7":"product_tag-acos-descascado","8":"product_tag-descascadeira","9":"product_tag-descascamento","10":"product_tag-usinagem","12":"first","13":"instock","14":"sold-individually","15":"shipping-taxable","16":"product-type-simple"},"aioseo_notices":[],"_links":{"self":[{"href":"https:\/\/aco.com.br\/inicio\/wp-json\/wp\/v2\/product\/1499","targetHints":{"allow":["GET"]}}],"collection":[{"href":"https:\/\/aco.com.br\/inicio\/wp-json\/wp\/v2\/product"}],"about":[{"href":"https:\/\/aco.com.br\/inicio\/wp-json\/wp\/v2\/types\/product"}],"wp:featuredmedia":[{"embeddable":true,"href":"https:\/\/aco.com.br\/inicio\/wp-json\/wp\/v2\/media\/1621"}],"wp:attachment":[{"href":"https:\/\/aco.com.br\/inicio\/wp-json\/wp\/v2\/media?parent=1499"}],"wp:term":[{"taxonomy":"product_brand","embeddable":true,"href":"https:\/\/aco.com.br\/inicio\/wp-json\/wp\/v2\/product_brand?post=1499"},{"taxonomy":"product_cat","embeddable":true,"href":"https:\/\/aco.com.br\/inicio\/wp-json\/wp\/v2\/product_cat?post=1499"},{"taxonomy":"product_tag","embeddable":true,"href":"https:\/\/aco.com.br\/inicio\/wp-json\/wp\/v2\/product_tag?post=1499"}],"curies":[{"name":"wp","href":"https:\/\/api.w.org\/{rel}","templated":true}]}}