{"id":1096,"date":"2019-03-19T16:30:46","date_gmt":"2019-03-19T16:30:46","guid":{"rendered":"https:\/\/www.aco.com.br\/?post_type=product&#038;p=1096"},"modified":"2019-05-30T19:48:53","modified_gmt":"2019-05-30T19:48:53","slug":"m2-regular-c","status":"publish","type":"product","link":"https:\/\/aco.com.br\/inicio\/aco\/m2-regular-c\/","title":{"rendered":"M2 Regular C. | A\u00e7os R\u00e1pidos"},"content":{"rendered":"<div class=\"row align-middle\"  id=\"row-1128520588\">\n<h2><strong>A\u00e7os R\u00e1pidos<\/strong><\/h2>\n<p>Os a\u00e7os r\u00e1pidos recebem essa denomina\u00e7\u00e3o devido a sua capacidade de reter<strong>\u00a0elevadas durezas<\/strong>\u00a0(1000 HV ou 65-70 HRC) mesmo se utilizados no corte r\u00e1pido de materiais. Al\u00e9m de elevada dureza, outra importante caracter\u00edstica desses a\u00e7os \u00e9 a capacidade de manter\u00a0<strong>durezas elevadas em temperaturas de at\u00e9 600\u00b0C<\/strong>\u00a0(por exemplo, 48 HRC em temperaturas de 593\u00b0C).<\/p>\n<p>&nbsp;<\/p>\n\n  \n    <div class=\"row large-columns-3 medium-columns- small-columns-2 slider row-slider slider-nav-reveal\"  data-flickity-options='{\"imagesLoaded\": true, \"groupCells\": \"100%\", \"dragThreshold\" : 5, \"cellAlign\": \"left\",\"wrapAround\": true,\"prevNextButtons\": true,\"percentPosition\": true,\"pageDots\": false, \"rightToLeft\": false, \"autoPlay\" : false}' >\n\n  <div class=\"gallery-col col\" >\n          <div class=\"col-inner\">\n            <a class=\"image-lightbox lightbox-gallery\" href=\"https:\/\/aco.com.br\/wp-content\/uploads\/2019\/04\/aco-m2-regular-aco-rapido-tungstenado.jpg\" title=\"\">            <div class=\"box has-hover gallery-box box-none\">\n              <div class=\"box-image image-cover\" style=\"padding-top:100%;\">\n                <img loading=\"lazy\" decoding=\"async\" width=\"400\" height=\"400\" src=\"https:\/\/aco.com.br\/wp-content\/uploads\/2019\/04\/aco-m2-regular-aco-rapido-tungstenado-400x400.jpg\" class=\"attachment-medium size-medium\" alt=\"A\u00e7os Roman | A\u00e7os Especiais: SAE 52100, 52160, 1045, 6150, 4340, 4140...\" ids=\"2210,2211,2212\" style=\"none\" type=\"slider\" columns=\"3\" image_height=\"100%\" srcset=\"https:\/\/aco.com.br\/wp-content\/uploads\/2019\/04\/aco-m2-regular-aco-rapido-tungstenado-400x400.jpg 400w, https:\/\/aco.com.br\/wp-content\/uploads\/2019\/04\/aco-m2-regular-aco-rapido-tungstenado-280x280.jpg 280w, https:\/\/aco.com.br\/wp-content\/uploads\/2019\/04\/aco-m2-regular-aco-rapido-tungstenado-297x297.jpg 297w, https:\/\/aco.com.br\/wp-content\/uploads\/2019\/04\/aco-m2-regular-aco-rapido-tungstenado-100x100.jpg 100w, https:\/\/aco.com.br\/wp-content\/uploads\/2019\/04\/aco-m2-regular-aco-rapido-tungstenado.jpg 600w\" sizes=\"auto, (max-width: 400px) 100vw, 400px\" \/>                                                              <\/div>\n              <div class=\"box-text text-left\" >\n                 <p><\/p>\n              <\/div>\n            <\/div>\n            <\/a>          <\/div>\n         <\/div><div class=\"gallery-col col\" >\n          <div class=\"col-inner\">\n            <a class=\"image-lightbox lightbox-gallery\" href=\"https:\/\/aco.com.br\/wp-content\/uploads\/2019\/04\/aco-m2-regular-aco-rapido-tungstenado2.jpg\" title=\"\">            <div class=\"box has-hover gallery-box box-none\">\n              <div class=\"box-image image-cover\" style=\"padding-top:100%;\">\n                <img loading=\"lazy\" decoding=\"async\" width=\"490\" height=\"307\" src=\"https:\/\/aco.com.br\/wp-content\/uploads\/2019\/04\/aco-m2-regular-aco-rapido-tungstenado2.jpg\" class=\"attachment-medium size-medium\" alt=\"A\u00e7os Roman | A\u00e7os Especiais: SAE 52100, 52160, 1045, 6150, 4340, 4140...\" ids=\"2210,2211,2212\" style=\"none\" type=\"slider\" columns=\"3\" image_height=\"100%\" \/>                                                              <\/div>\n              <div class=\"box-text text-left\" >\n                 <p><\/p>\n              <\/div>\n            <\/div>\n            <\/a>          <\/div>\n         <\/div><div class=\"gallery-col col\" >\n          <div class=\"col-inner\">\n            <a class=\"image-lightbox lightbox-gallery\" href=\"https:\/\/aco.com.br\/wp-content\/uploads\/2019\/04\/aco-m2-regular-aco-rapido-tungstenado3-e1562016329921.jpg\" title=\"\">            <div class=\"box has-hover gallery-box box-none\">\n              <div class=\"box-image image-cover\" style=\"padding-top:100%;\">\n                <img loading=\"lazy\" decoding=\"async\" width=\"400\" height=\"400\" src=\"https:\/\/aco.com.br\/wp-content\/uploads\/2019\/04\/aco-m2-regular-aco-rapido-tungstenado3-e1562016329921-400x400.jpg\" class=\"attachment-medium size-medium\" alt=\"A\u00e7os R\u00e1pidos\" ids=\"2210,2211,2212\" style=\"none\" type=\"slider\" columns=\"3\" image_height=\"100%\" srcset=\"https:\/\/aco.com.br\/wp-content\/uploads\/2019\/04\/aco-m2-regular-aco-rapido-tungstenado3-e1562016329921-400x400.jpg 400w, https:\/\/aco.com.br\/wp-content\/uploads\/2019\/04\/aco-m2-regular-aco-rapido-tungstenado3-e1562016329921-280x280.jpg 280w, https:\/\/aco.com.br\/wp-content\/uploads\/2019\/04\/aco-m2-regular-aco-rapido-tungstenado3-e1562016329921-297x297.jpg 297w, https:\/\/aco.com.br\/wp-content\/uploads\/2019\/04\/aco-m2-regular-aco-rapido-tungstenado3-e1562016329921-100x100.jpg 100w, https:\/\/aco.com.br\/wp-content\/uploads\/2019\/04\/aco-m2-regular-aco-rapido-tungstenado3-e1562016329921.jpg 500w\" sizes=\"auto, (max-width: 400px) 100vw, 400px\" \/>                                                              <\/div>\n              <div class=\"box-text text-left\" >\n                 <p><\/p>\n              <\/div>\n            <\/div>\n            <\/a>          <\/div>\n         <\/div><\/div>\n<h3><strong>A\u00e7o M2 Regular C.<\/strong>\u00a0&#8211; Aplica\u00e7\u00f5es<\/h3>\n<p style=\"text-align: left;\">O <strong>M2 Regular C<\/strong> \u00e9 indicado por exemplo para usos em brocas helicoidais de ALTA QUALIDADE, fresas de todos os tipos,\u00a0 machos, cossinetes brochas e ferramentas de usinagem em geral. Al\u00e9m disso pode tamb\u00e9m ser usado para estampos de corte, pun\u00e7\u00f5es, matrizes de estampagem profunda e outras ferramentas de deforma\u00e7\u00e3o pl\u00e1stica \u00e0 frio.<\/p>\n<p>&nbsp;<\/p>\n<\/div>\n<h2>Tratamentos T\u00e9rmicos |\u00a0<strong>M2 Regular C.<\/strong><strong>\u00a0<\/strong><\/h2>\n<h3><strong>A\u00e7o R\u00e1pido \/ A\u00e7o Ferramenta<\/strong><\/h3>\n<table class=\"tabela-acosroman\">\n<thead>\n<tr>\n<th><img decoding=\"async\" class=\"alignleft\" src=\"https:\/\/www.aco.com.br\/wp-content\/uploads\/2019\/02\/tratamento-termico.png\" alt=\"Tratamentos T\u00e9rmicos\" \/><\/p>\n<h4><a title=\"Tratamentos T\u00e9rmicos - A\u00e7o Carbono\" href=\"https:\/\/www.aco.com.br\/tratamentos-termicos-acos-especiais\/\">Tratamentos T\u00e9rmicos<\/a><\/h4>\n<\/th>\n<th>Temperatura (\u00b0C)<\/th>\n<th>Meios<\/th>\n<\/tr>\n<\/thead>\n<tbody>\n<tr>\n<th>Recozimento<\/th>\n<td>820-870<\/td>\n<td>&#8230;<\/td>\n<\/tr>\n<tr>\n<th>T\u00eampera<\/th>\n<td>1200-1030<\/td>\n<td>Banho de Sal<br \/>\nAr<br \/>\n\u00d3leo<\/td>\n<\/tr>\n<tr>\n<th>Revenimento<\/th>\n<td>550-580<\/td>\n<td>&#8211;<\/td>\n<\/tr>\n<\/tbody>\n<\/table>\n<table class=\"tabela-acosroman\">\n<tbody>\n<tr>\n<th style=\"background: #f9f9f9; width: 50%;\"><img decoding=\"async\" class=\"alignleft \" src=\"https:\/\/www.aco.com.br\/wp-content\/uploads\/2019\/03\/dureza-superficial-hrc.jpg\" alt=\"Dureza de Trabalho- HRC - Labmetal\" \/><\/p>\n<h4><a title=\"Dureza de Trabalho - HRC - Labmetal\" href=\"https:\/\/www.aco.com.br\/labmetal\/\">Dureza de Trabalho<\/a><\/h4>\n<\/th>\n<td>65-53 HRC<\/td>\n<\/tr>\n<\/tbody>\n<\/table>\n<p>Para mais tratamentos t\u00e9rmicos e informa\u00e7\u00f5es sobre dureza do a\u00e7o, acesse a <a title=\"Tratamentos T\u00e9rmicos do A\u00e7o\" href=\"https:\/\/www.aco.com.br\/acos\/tratamento-termico\/\">p\u00e1gina de tratamentos t\u00e9rmicos<\/a>.<\/p>\n<h2>A\u00e7o R\u00e1pido\u00a0<strong>M2 Regular C.<\/strong>\u00a0&#8211; De S\u00e3o Paulo para todo Brasil<\/h2>\n<a href=\"https:\/\/www.aco.com.br\/contato\/\" target=\"_self\" class=\"button success is-bevel is-large expand\"  style=\"border-radius:10px;\">\n    <span>FALE CONOSCO<\/span>\n  <i class=\"icon-angle-right\" aria-hidden=\"true\" ><\/i><\/a>\n\n","protected":false},"excerpt":{"rendered":"<p style=\"text-align: left;\"><strong>O a\u00e7o\u00a0M2 Regular C.\u00a0\u00e9 um A\u00e7o R\u00e1pido de grande versatilidade.<\/strong> Com uma excelente combina\u00e7\u00e3o entre tenacidade e resist\u00eancia a abras\u00e3o. Em sua composi\u00e7\u00e3o qu\u00edmica destaca-se o alt\u00edssimo teor de Molibd\u00eanio e Tungst\u00eanio.<\/p>\n<table class=\"tabela-acosroman\">\n<thead>\n<tr>\n<th><img decoding=\"async\" src=\"https:\/\/www.aco.com.br\/wp-content\/uploads\/2019\/02\/laboratorio-metalografico-lab-metal-acos-roman-1.png\" alt=\"A\u00e7os Roman - A\u00e7os Especiais\" \/><\/th>\n<th>\n<h4><strong>M2 Regular C\u00a0 <\/strong>~WNr\/DIN 1.3343<\/h4>\n<p>Componentes Qu\u00edmicos do A\u00c7O<br \/>\n<a title=\"An\u00e1lise Qu\u00edmica - LabMetal\" href=\"https:\/\/www.aco.com.br\/aco\/espectrometria-de-emissao-otica-analise-quimica-do-aco\/\"><span style=\"font-size: 0.8; color: #aaa; text-transform: none; font-weight: light;\">An\u00e1lise Qu\u00edmica &#8211; Labmetal A.R.<\/span><\/a><\/th>\n<\/tr>\n<\/thead>\n<tbody>\n<tr>\n<th>Carbono (C)<\/th>\n<td>0.85 %<\/td>\n<\/tr>\n<tr>\n<th>Cromo (Cr)<\/th>\n<td>4.25 %<\/td>\n<\/tr>\n<tr>\n<th>Molibd\u00eanio (Mo)<\/th>\n<td>5 %<\/td>\n<\/tr>\n<tr>\n<th>Mangan\u00eas (Mn)<\/th>\n<td>0.30 %<\/td>\n<\/tr>\n<tr>\n<th>Tungst\u00eancio (W)<\/th>\n<td>6,1 %<\/td>\n<\/tr>\n<tr>\n<th>Van\u00e1dio (V)<\/th>\n<td>1,9 %<\/td>\n<\/tr>\n<\/tbody>\n<\/table>\n<div style=\"float: right; width: 50%; padding-top: 12px;\">\n<p style=\"font-size: 11px; text-align: right;\">Marca Villares Metals &#8211; <a href=\"http:\/\/www.villaresmetals.com.br\" target=\"_blank\" rel=\"noopener\"><strong> V-W-M-2<\/strong><\/a><\/p>\n<\/div>\n<div id=\"coreswrap\" style=\"float: left; width: 50%;\">\n<div id=\"coresaco\" style=\"background: yellow;\">\n<div class=\"metade1\" style=\"background: yellow; border-right: 5px solid green;\">.<\/div>\n<\/div>\n<p><b>Cor\/Marca\u00e7\u00e3o<\/b><br \/>\nA\u00e7os Roman<\/p>\n<\/div>\n","protected":false},"featured_media":1831,"template":"","meta":{"inline_featured_image":false},"product_brand":[],"product_cat":[17,71,97],"product_tag":[116,224,222,223,225,221],"class_list":{"0":"post-1096","1":"product","2":"type-product","3":"status-publish","4":"has-post-thumbnail","6":"product_cat-especiais","7":"product_cat-aco-ferramenta","8":"product_cat-acos-rapidos","9":"product_tag-aco-ferramenta","10":"product_tag-aco-rapido","11":"product_tag-din-1-3343","12":"product_tag-m2-regular-c","13":"product_tag-tungstenado","14":"product_tag-wnr-1-3343","16":"first","17":"instock","18":"sold-individually","19":"shipping-taxable","20":"product-type-simple"},"aioseo_notices":[],"_links":{"self":[{"href":"https:\/\/aco.com.br\/inicio\/wp-json\/wp\/v2\/product\/1096","targetHints":{"allow":["GET"]}}],"collection":[{"href":"https:\/\/aco.com.br\/inicio\/wp-json\/wp\/v2\/product"}],"about":[{"href":"https:\/\/aco.com.br\/inicio\/wp-json\/wp\/v2\/types\/product"}],"wp:featuredmedia":[{"embeddable":true,"href":"https:\/\/aco.com.br\/inicio\/wp-json\/wp\/v2\/media\/1831"}],"wp:attachment":[{"href":"https:\/\/aco.com.br\/inicio\/wp-json\/wp\/v2\/media?parent=1096"}],"wp:term":[{"taxonomy":"product_brand","embeddable":true,"href":"https:\/\/aco.com.br\/inicio\/wp-json\/wp\/v2\/product_brand?post=1096"},{"taxonomy":"product_cat","embeddable":true,"href":"https:\/\/aco.com.br\/inicio\/wp-json\/wp\/v2\/product_cat?post=1096"},{"taxonomy":"product_tag","embeddable":true,"href":"https:\/\/aco.com.br\/inicio\/wp-json\/wp\/v2\/product_tag?post=1096"}],"curies":[{"name":"wp","href":"https:\/\/api.w.org\/{rel}","templated":true}]}}