{"id":5560,"date":"2019-12-04T16:05:37","date_gmt":"2019-12-04T16:05:37","guid":{"rendered":"https:\/\/aco.com.br\/?page_id=5560"},"modified":"2019-12-04T17:18:20","modified_gmt":"2019-12-04T17:18:20","slug":"laboratorio","status":"publish","type":"page","link":"https:\/\/aco.com.br\/inicio\/laboratorio\/","title":{"rendered":"Laborat\u00f3rio"},"content":{"rendered":"  <div id=\"page-header-1753188234\" class=\"page-header-wrapper\">\n  <div class=\"page-title dark normal-title\">\n\n        <div class=\"page-title-bg\">\n      <div class=\"title-bg fill bg-fill\"\n        data-parallax-container=\".page-title\"\n        data-parallax-background\n        data-parallax=\"-\">\n      <\/div>\n      <div class=\"title-overlay fill\"><\/div>\n    <\/div>\n    \n    <div class=\"page-title-inner container align-center text-center flex-row-col medium-flex-wrap\" >\n              <div class=\"title-wrapper is-small flex-col\">\n          <h1 class=\"entry-title mb-0\">\n            Laborat\u00f3rio  Metalogr\u00e1fico          <\/h1>\n        <\/div>\n                <div class=\"page-title-sub op-7 flex-col\">\n          <p class=\"lead\">Lab. Metal.<\/p>\n        <\/div>\n                    <div class=\"title-content flex-col\">\n        <ul class=\"nav sm-touch-scroll nav-line nav-uppercase text-center nav-center\"><li class=\"nav-single-page hidden\"><\/li><\/ul>      <\/div>\n    <\/div>\n\n     \n<style>\n#page-header-1753188234 .page-title-inner {\n  min-height: 350px;\n}\n#page-header-1753188234 .title-bg {\n  background-image: url(https:\/\/aco.com.br\/wp-content\/uploads\/2019\/12\/laboratorio-metalografico-labmetal-ar.jpg);\n}\n<\/style>\n  <\/div>\n    <\/div>\n  \n<div class=\"row row-small align-equal row-dashed\"  id=\"row-1634511336\">\n\n\t<div id=\"col-1865025838\" class=\"col small-12 large-12\"  >\n\t\t\t\t<div class=\"col-inner text-center\"  >\n\t\t\t\n\t\t\t\n\t<div id=\"gap-10425833\" class=\"gap-element clearfix\" style=\"display:block; height:auto;\">\n\t\t\n<style>\n#gap-10425833 {\n  padding-top: 30px;\n}\n<\/style>\n\t<\/div>\n\t\n<h1 style=\"text-align: center;\">Laborat\u00f3rio <strong>A.R. &#8211; A\u00e7os Roman<\/strong><\/h1>\n<p>An\u00e1lises qu\u00edmicas, f\u00edsicas e mec\u00e2nicas do A\u00e7o.<\/p>\n<div class=\"row row-dashed\"  id=\"row-1901136049\">\n\n\t<div id=\"col-57068851\" class=\"col medium-4 small-12 large-4\"  >\n\t\t\t\t<div class=\"col-inner\"  >\n\t\t\t\n\t\t\t\n\n\t\t<div class=\"icon-box featured-box icon-box-left text-left is-small\"  >\n\t\t\t\t\t<div class=\"icon-box-img\" style=\"width: 46px\">\n\t\t\t\t<div class=\"icon\">\n\t\t\t\t\t<div class=\"icon-inner\" style=\"color:rgb(204, 211, 220);\">\n\t\t\t\t\t\t\t\t\t\t\t<\/div>\n\t\t\t\t<\/div>\n\t\t\t<\/div>\n\t\t\t\t<div class=\"icon-box-text last-reset\">\n\t\t\t\t\t\t\t\t\t\n<h3>Tecnologia de Ponta<\/h3>\n<p>Investimento em equipamentos de \u00faltima gera\u00e7\u00e3o para garantir qualidade em todas as frentes de an\u00e1lise do a\u00e7o.<\/p>\n\t\t<\/div>\n\t<\/div>\n\t\n\t\n\t\t<\/div>\n\t\t\t\t\t<\/div>\n\n\t\n\n\t<div id=\"col-326524425\" class=\"col medium-4 small-12 large-4\"  >\n\t\t\t\t<div class=\"col-inner\"  >\n\t\t\t\n\t\t\t\n\n\t\t<div class=\"icon-box featured-box icon-box-left text-left is-small\"  >\n\t\t\t\t\t<div class=\"icon-box-img\" style=\"width: 46px\">\n\t\t\t\t<div class=\"icon\">\n\t\t\t\t\t<div class=\"icon-inner\" style=\"color:rgb(204, 211, 220);\">\n\t\t\t\t\t\t\t\t\t\t\t<\/div>\n\t\t\t\t<\/div>\n\t\t\t<\/div>\n\t\t\t\t<div class=\"icon-box-text last-reset\">\n\t\t\t\t\t\t\t\t\t\n<h3>Precis\u00e3o Absoluta<\/h3>\n<p>Qualidade ISO-9001 e equipamentos com aferi\u00e7\u00e3o INMETRO para garantir o mais alto grau de precis\u00e3o.<\/p>\n\t\t<\/div>\n\t<\/div>\n\t\n\t\n\t\t<\/div>\n\t\t\t\t\t<\/div>\n\n\t\n\n\t<div id=\"col-1658099480\" class=\"col medium-4 small-12 large-4\"  >\n\t\t\t\t<div class=\"col-inner\"  >\n\t\t\t\n\t\t\t\n\n\t\t<div class=\"icon-box featured-box icon-box-left text-left is-small\"  >\n\t\t\t\t\t<div class=\"icon-box-img\" style=\"width: 46px\">\n\t\t\t\t<div class=\"icon\">\n\t\t\t\t\t<div class=\"icon-inner\" style=\"color:rgb(204, 211, 220);\">\n\t\t\t\t\t\t\t\t\t\t\t<\/div>\n\t\t\t\t<\/div>\n\t\t\t<\/div>\n\t\t\t\t<div class=\"icon-box-text last-reset\">\n\t\t\t\t\t\t\t\t\t\n<h3>A\u00e7o de Qualidade<\/h3>\n<p>Nosso a\u00e7o \u00e9 inspecionado desde de a chegada da usina e tratamento t\u00e9rmico at\u00e9 o fim da usinagem.<\/p>\n\t\t<\/div>\n\t<\/div>\n\t\n\t\n\t\t<\/div>\n\t\t\t\t\t<\/div>\n\n\t\n\n<style>\n#row-1901136049 > .col > .col-inner {\n  background-color: rgb(255, 255, 255);\n}\n<\/style>\n<\/div>\n\t<div id=\"gap-1158977124\" class=\"gap-element clearfix\" style=\"display:block; height:auto;\">\n\t\t\n<style>\n#gap-1158977124 {\n  padding-top: 30px;\n}\n<\/style>\n\t<\/div>\n\t\n\n  \n    <div class=\"row large-columns-4 medium-columns-3 small-columns-2 row-small\" >\n  \t\n\t     <div class=\"col\" >\n\t\t\t\t\t\t<div class=\"col-inner\">\n\t\t\t\t\t\t\n<div class=\"badge-container absolute left top z-1\">\n\n<\/div>\n\t\t\t\t\t\t<div class=\"product-small box has-hover box-normal box-text-bottom\">\n\t\t\t\t\t\t\t<div class=\"box-image\" >\n\t\t\t\t\t\t\t\t<div class=\"image-cover\" style=\"padding-top:100%;\">\n\t\t\t\t\t\t\t\t\t<a href=\"https:\/\/aco.com.br\/inicio\/aco\/analise-3d-modelagem-3dusinagem-impressao-3d\/\" aria-label=\"An\u00e1lise 3D &amp; Usinagem+Modelagem 3D &amp; Impress\u00e3o 3D\">\n\t\t\t\t\t\t\t\t\t\t<img loading=\"lazy\" decoding=\"async\" width=\"247\" height=\"247\" src=\"https:\/\/aco.com.br\/wp-content\/uploads\/2019\/07\/3d-2-297x297.jpg\" class=\"attachment-woocommerce_thumbnail size-woocommerce_thumbnail\" alt=\"An\u00e1lise 3D &amp; Usinagem+Modelagem 3D &amp; Impress\u00e3o 3D\" srcset=\"https:\/\/aco.com.br\/wp-content\/uploads\/2019\/07\/3d-2-297x297.jpg 297w, https:\/\/aco.com.br\/wp-content\/uploads\/2019\/07\/3d-2-280x280.jpg 280w, https:\/\/aco.com.br\/wp-content\/uploads\/2019\/07\/3d-2-100x100.jpg 100w\" sizes=\"auto, (max-width: 247px) 100vw, 247px\" \/>\t\t\t\t\t\t\t\t\t<\/a>\n\t\t\t\t\t\t\t\t\t\t\t\t\t\t\t\t\t\t \t\t\t\t\t\t\t\t<\/div>\n\t\t\t\t\t\t\t\t<div class=\"image-tools top right show-on-hover\">\n\t\t\t\t\t\t\t\t\t\t\t\t\t\t\t\t\t<\/div>\n\t\t\t\t\t\t\t\t\t\t\t\t\t\t\t\t\t<div class=\"image-tools grid-tools text-center hide-for-small bottom hover-slide-in show-on-hover\">\n\t\t\t\t\t\t\t\t\t\t\t\t\t\t\t\t\t\t\t<\/div>\n\t\t\t\t\t\t\t\t\t\t\t\t\t\t\t\t\t\t\t\t\t\t\t<\/div>\n\n\t\t\t\t\t\t\t<div class=\"box-text text-center\" >\n\t\t\t\t\t\t\t\t<div class=\"title-wrapper\">\t\t<p class=\"category uppercase is-smaller no-text-overflow product-cat op-7\">\n\t\t\tLaborat\u00f3rio Metalogr\u00e1fico\t\t<\/p>\n\t<p class=\"name product-title woocommerce-loop-product__title\"><a href=\"https:\/\/aco.com.br\/inicio\/aco\/analise-3d-modelagem-3dusinagem-impressao-3d\/\" class=\"woocommerce-LoopProduct-link woocommerce-loop-product__link\">An\u00e1lise 3D &#038; Usinagem+Modelagem 3D &#038; Impress\u00e3o 3D<\/a><\/p><\/div><div class=\"price-wrapper\"><\/div>\t\t\t\t\t\t\t<\/div>\n\t\t\t\t\t\t<\/div>\n\t\t\t\t\t\t<\/div>\n\t\t\t\t\t<\/div><div class=\"col\" >\n\t\t\t\t\t\t<div class=\"col-inner\">\n\t\t\t\t\t\t\n<div class=\"badge-container absolute left top z-1\">\n\n<\/div>\n\t\t\t\t\t\t<div class=\"product-small box has-hover box-normal box-text-bottom\">\n\t\t\t\t\t\t\t<div class=\"box-image\" >\n\t\t\t\t\t\t\t\t<div class=\"image-cover\" style=\"padding-top:100%;\">\n\t\t\t\t\t\t\t\t\t<a href=\"https:\/\/aco.com.br\/inicio\/aco\/magna-flux-analise-fisica-de-qualidade\/\" aria-label=\"Magna Flux - An\u00e1lise F\u00edsica de Qualidade\">\n\t\t\t\t\t\t\t\t\t\t<img loading=\"lazy\" decoding=\"async\" width=\"247\" height=\"247\" src=\"https:\/\/aco.com.br\/wp-content\/uploads\/2019\/07\/mega-297x297.jpg\" class=\"attachment-woocommerce_thumbnail size-woocommerce_thumbnail\" alt=\"Magna-Flux\" srcset=\"https:\/\/aco.com.br\/wp-content\/uploads\/2019\/07\/mega-297x297.jpg 297w, https:\/\/aco.com.br\/wp-content\/uploads\/2019\/07\/mega-280x280.jpg 280w, https:\/\/aco.com.br\/wp-content\/uploads\/2019\/07\/mega-100x100.jpg 100w\" sizes=\"auto, (max-width: 247px) 100vw, 247px\" \/>\t\t\t\t\t\t\t\t\t<\/a>\n\t\t\t\t\t\t\t\t\t\t\t\t\t\t\t\t\t\t \t\t\t\t\t\t\t\t<\/div>\n\t\t\t\t\t\t\t\t<div class=\"image-tools top right show-on-hover\">\n\t\t\t\t\t\t\t\t\t\t\t\t\t\t\t\t\t<\/div>\n\t\t\t\t\t\t\t\t\t\t\t\t\t\t\t\t\t<div class=\"image-tools grid-tools text-center hide-for-small bottom hover-slide-in show-on-hover\">\n\t\t\t\t\t\t\t\t\t\t\t\t\t\t\t\t\t\t\t<\/div>\n\t\t\t\t\t\t\t\t\t\t\t\t\t\t\t\t\t\t\t\t\t\t\t<\/div>\n\n\t\t\t\t\t\t\t<div class=\"box-text text-center\" >\n\t\t\t\t\t\t\t\t<div class=\"title-wrapper\">\t\t<p class=\"category uppercase is-smaller no-text-overflow product-cat op-7\">\n\t\t\tLaborat\u00f3rio Metalogr\u00e1fico\t\t<\/p>\n\t<p class=\"name product-title woocommerce-loop-product__title\"><a href=\"https:\/\/aco.com.br\/inicio\/aco\/magna-flux-analise-fisica-de-qualidade\/\" class=\"woocommerce-LoopProduct-link woocommerce-loop-product__link\">Magna Flux &#8211; An\u00e1lise F\u00edsica de Qualidade<\/a><\/p><\/div><div class=\"price-wrapper\"><\/div>\t\t\t\t\t\t\t<\/div>\n\t\t\t\t\t\t<\/div>\n\t\t\t\t\t\t<\/div>\n\t\t\t\t\t<\/div><div class=\"col\" >\n\t\t\t\t\t\t<div class=\"col-inner\">\n\t\t\t\t\t\t\n<div class=\"badge-container absolute left top z-1\">\n\n<\/div>\n\t\t\t\t\t\t<div class=\"product-small box has-hover box-normal box-text-bottom\">\n\t\t\t\t\t\t\t<div class=\"box-image\" >\n\t\t\t\t\t\t\t\t<div class=\"image-cover\" style=\"padding-top:100%;\">\n\t\t\t\t\t\t\t\t\t<a href=\"https:\/\/aco.com.br\/inicio\/aco\/microscopia-otica-olympus-gx71-1-000x-analise-fisica\/\" aria-label=\"Microscopia \u00d3tica - Olympus GX71 1.000X - An\u00e1lise F\u00edsica\">\n\t\t\t\t\t\t\t\t\t\t<img loading=\"lazy\" decoding=\"async\" width=\"247\" height=\"247\" src=\"https:\/\/aco.com.br\/wp-content\/uploads\/2019\/03\/lab-metal-3-297x297.jpg\" class=\"attachment-woocommerce_thumbnail size-woocommerce_thumbnail\" alt=\"Laborat\u00f3rio Metalogr\u00e1fico\" srcset=\"https:\/\/aco.com.br\/wp-content\/uploads\/2019\/03\/lab-metal-3-297x297.jpg 297w, https:\/\/aco.com.br\/wp-content\/uploads\/2019\/03\/lab-metal-3-280x280.jpg 280w, https:\/\/aco.com.br\/wp-content\/uploads\/2019\/03\/lab-metal-3-100x100.jpg 100w\" sizes=\"auto, (max-width: 247px) 100vw, 247px\" \/>\t\t\t\t\t\t\t\t\t<\/a>\n\t\t\t\t\t\t\t\t\t\t\t\t\t\t\t\t\t\t \t\t\t\t\t\t\t\t<\/div>\n\t\t\t\t\t\t\t\t<div class=\"image-tools top right show-on-hover\">\n\t\t\t\t\t\t\t\t\t\t\t\t\t\t\t\t\t<\/div>\n\t\t\t\t\t\t\t\t\t\t\t\t\t\t\t\t\t<div class=\"image-tools grid-tools text-center hide-for-small bottom hover-slide-in show-on-hover\">\n\t\t\t\t\t\t\t\t\t\t\t\t\t\t\t\t\t\t\t<\/div>\n\t\t\t\t\t\t\t\t\t\t\t\t\t\t\t\t\t\t\t\t\t\t\t<\/div>\n\n\t\t\t\t\t\t\t<div class=\"box-text text-center\" >\n\t\t\t\t\t\t\t\t<div class=\"title-wrapper\">\t\t<p class=\"category uppercase is-smaller no-text-overflow product-cat op-7\">\n\t\t\tLaborat\u00f3rio Metalogr\u00e1fico\t\t<\/p>\n\t<p class=\"name product-title woocommerce-loop-product__title\"><a href=\"https:\/\/aco.com.br\/inicio\/aco\/microscopia-otica-olympus-gx71-1-000x-analise-fisica\/\" class=\"woocommerce-LoopProduct-link woocommerce-loop-product__link\">Microscopia \u00d3tica &#8211; Olympus GX71 1.000X &#8211; An\u00e1lise F\u00edsica<\/a><\/p><\/div><div class=\"price-wrapper\"><\/div>\t\t\t\t\t\t\t<\/div>\n\t\t\t\t\t\t<\/div>\n\t\t\t\t\t\t<\/div>\n\t\t\t\t\t<\/div><div class=\"col\" >\n\t\t\t\t\t\t<div class=\"col-inner\">\n\t\t\t\t\t\t\n<div class=\"badge-container absolute left top z-1\">\n\n<\/div>\n\t\t\t\t\t\t<div class=\"product-small box has-hover box-normal box-text-bottom\">\n\t\t\t\t\t\t\t<div class=\"box-image\" >\n\t\t\t\t\t\t\t\t<div class=\"image-cover\" style=\"padding-top:100%;\">\n\t\t\t\t\t\t\t\t\t<a href=\"https:\/\/aco.com.br\/inicio\/aco\/ultrassom-analise-fisica-do-aco\/\" aria-label=\"Ultrassom - An\u00e1lise F\u00edsica do A\u00e7o\">\n\t\t\t\t\t\t\t\t\t\t<img loading=\"lazy\" decoding=\"async\" width=\"247\" height=\"247\" src=\"https:\/\/aco.com.br\/wp-content\/uploads\/2019\/03\/ultrassom-1-297x297.jpg\" class=\"attachment-woocommerce_thumbnail size-woocommerce_thumbnail\" alt=\"Ultrassom - Ensaio de Ultrassonografia - Analise superficial de fissura estrutural do a\u00e7o\" srcset=\"https:\/\/aco.com.br\/wp-content\/uploads\/2019\/03\/ultrassom-1-297x297.jpg 297w, https:\/\/aco.com.br\/wp-content\/uploads\/2019\/03\/ultrassom-1-280x280.jpg 280w, https:\/\/aco.com.br\/wp-content\/uploads\/2019\/03\/ultrassom-1-100x100.jpg 100w\" sizes=\"auto, (max-width: 247px) 100vw, 247px\" \/>\t\t\t\t\t\t\t\t\t<\/a>\n\t\t\t\t\t\t\t\t\t\t\t\t\t\t\t\t\t\t \t\t\t\t\t\t\t\t<\/div>\n\t\t\t\t\t\t\t\t<div class=\"image-tools top right show-on-hover\">\n\t\t\t\t\t\t\t\t\t\t\t\t\t\t\t\t\t<\/div>\n\t\t\t\t\t\t\t\t\t\t\t\t\t\t\t\t\t<div class=\"image-tools grid-tools text-center hide-for-small bottom hover-slide-in show-on-hover\">\n\t\t\t\t\t\t\t\t\t\t\t\t\t\t\t\t\t\t\t<\/div>\n\t\t\t\t\t\t\t\t\t\t\t\t\t\t\t\t\t\t\t\t\t\t\t<\/div>\n\n\t\t\t\t\t\t\t<div class=\"box-text text-center\" >\n\t\t\t\t\t\t\t\t<div class=\"title-wrapper\">\t\t<p class=\"category uppercase is-smaller no-text-overflow product-cat op-7\">\n\t\t\tLaborat\u00f3rio Metalogr\u00e1fico\t\t<\/p>\n\t<p class=\"name product-title woocommerce-loop-product__title\"><a href=\"https:\/\/aco.com.br\/inicio\/aco\/ultrassom-analise-fisica-do-aco\/\" class=\"woocommerce-LoopProduct-link woocommerce-loop-product__link\">Ultrassom &#8211; An\u00e1lise F\u00edsica do A\u00e7o<\/a><\/p><\/div><div class=\"price-wrapper\"><\/div>\t\t\t\t\t\t\t<\/div>\n\t\t\t\t\t\t<\/div>\n\t\t\t\t\t\t<\/div>\n\t\t\t\t\t<\/div><div class=\"col\" >\n\t\t\t\t\t\t<div class=\"col-inner\">\n\t\t\t\t\t\t\n<div class=\"badge-container absolute left top z-1\">\n\n<\/div>\n\t\t\t\t\t\t<div class=\"product-small box has-hover box-normal box-text-bottom\">\n\t\t\t\t\t\t\t<div class=\"box-image\" >\n\t\t\t\t\t\t\t\t<div class=\"image-cover\" style=\"padding-top:100%;\">\n\t\t\t\t\t\t\t\t\t<a href=\"https:\/\/aco.com.br\/inicio\/aco\/microdurometro-durometro\/\" aria-label=\"Microdur\u00f4metro &amp; Dur\u00f4metro Brinnel de Esfera \u00d810mm\">\n\t\t\t\t\t\t\t\t\t\t<img loading=\"lazy\" decoding=\"async\" width=\"247\" height=\"247\" src=\"https:\/\/aco.com.br\/wp-content\/uploads\/2019\/03\/dumetro-brinnel-297x297.jpg\" class=\"attachment-woocommerce_thumbnail size-woocommerce_thumbnail\" alt=\"Microdurometria, Dur\u00f4metro, Ensaio de Dureza, Medi\u00e7\u00e3o de Dureza do a\u00e7o, Dur\u00f4metro Brinnel - Labmetal A\u00e7os Roman\" srcset=\"https:\/\/aco.com.br\/wp-content\/uploads\/2019\/03\/dumetro-brinnel-297x297.jpg 297w, https:\/\/aco.com.br\/wp-content\/uploads\/2019\/03\/dumetro-brinnel-280x280.jpg 280w, https:\/\/aco.com.br\/wp-content\/uploads\/2019\/03\/dumetro-brinnel-100x100.jpg 100w\" sizes=\"auto, (max-width: 247px) 100vw, 247px\" \/>\t\t\t\t\t\t\t\t\t<\/a>\n\t\t\t\t\t\t\t\t\t\t\t\t\t\t\t\t\t\t \t\t\t\t\t\t\t\t<\/div>\n\t\t\t\t\t\t\t\t<div class=\"image-tools top right show-on-hover\">\n\t\t\t\t\t\t\t\t\t\t\t\t\t\t\t\t\t<\/div>\n\t\t\t\t\t\t\t\t\t\t\t\t\t\t\t\t\t<div class=\"image-tools grid-tools text-center hide-for-small bottom hover-slide-in show-on-hover\">\n\t\t\t\t\t\t\t\t\t\t\t\t\t\t\t\t\t\t\t<\/div>\n\t\t\t\t\t\t\t\t\t\t\t\t\t\t\t\t\t\t\t\t\t\t\t<\/div>\n\n\t\t\t\t\t\t\t<div class=\"box-text text-center\" >\n\t\t\t\t\t\t\t\t<div class=\"title-wrapper\">\t\t<p class=\"category uppercase is-smaller no-text-overflow product-cat op-7\">\n\t\t\tLaborat\u00f3rio Metalogr\u00e1fico\t\t<\/p>\n\t<p class=\"name product-title woocommerce-loop-product__title\"><a href=\"https:\/\/aco.com.br\/inicio\/aco\/microdurometro-durometro\/\" class=\"woocommerce-LoopProduct-link woocommerce-loop-product__link\">Microdur\u00f4metro &#038; Dur\u00f4metro Brinnel de Esfera \u00d810mm<\/a><\/p><\/div><div class=\"price-wrapper\"><\/div>\t\t\t\t\t\t\t<\/div>\n\t\t\t\t\t\t<\/div>\n\t\t\t\t\t\t<\/div>\n\t\t\t\t\t<\/div><div class=\"col\" >\n\t\t\t\t\t\t<div class=\"col-inner\">\n\t\t\t\t\t\t\n<div class=\"badge-container absolute left top z-1\">\n\n<\/div>\n\t\t\t\t\t\t<div class=\"product-small box has-hover box-normal box-text-bottom\">\n\t\t\t\t\t\t\t<div class=\"box-image\" >\n\t\t\t\t\t\t\t\t<div class=\"image-cover\" style=\"padding-top:100%;\">\n\t\t\t\t\t\t\t\t\t<a href=\"https:\/\/aco.com.br\/inicio\/aco\/ensaio-de-impacto-analise-fisica-do-aco\/\" aria-label=\"Ensaio de Impacto - An\u00e1lise F\u00edsica do A\u00e7o\">\n\t\t\t\t\t\t\t\t\t\t<img loading=\"lazy\" decoding=\"async\" width=\"247\" height=\"229\" src=\"https:\/\/aco.com.br\/wp-content\/uploads\/2019\/03\/ensaio-de-impacto-297x275.gif\" class=\"attachment-woocommerce_thumbnail size-woocommerce_thumbnail\" alt=\"ensaio-de-impacto-metalografia\" \/>\t\t\t\t\t\t\t\t\t<\/a>\n\t\t\t\t\t\t\t\t\t\t\t\t\t\t\t\t\t\t \t\t\t\t\t\t\t\t<\/div>\n\t\t\t\t\t\t\t\t<div class=\"image-tools top right show-on-hover\">\n\t\t\t\t\t\t\t\t\t\t\t\t\t\t\t\t\t<\/div>\n\t\t\t\t\t\t\t\t\t\t\t\t\t\t\t\t\t<div class=\"image-tools grid-tools text-center hide-for-small bottom hover-slide-in show-on-hover\">\n\t\t\t\t\t\t\t\t\t\t\t\t\t\t\t\t\t\t\t<\/div>\n\t\t\t\t\t\t\t\t\t\t\t\t\t\t\t\t\t\t\t\t\t\t\t<\/div>\n\n\t\t\t\t\t\t\t<div class=\"box-text text-center\" >\n\t\t\t\t\t\t\t\t<div class=\"title-wrapper\">\t\t<p class=\"category uppercase is-smaller no-text-overflow product-cat op-7\">\n\t\t\tLaborat\u00f3rio Metalogr\u00e1fico\t\t<\/p>\n\t<p class=\"name product-title woocommerce-loop-product__title\"><a href=\"https:\/\/aco.com.br\/inicio\/aco\/ensaio-de-impacto-analise-fisica-do-aco\/\" class=\"woocommerce-LoopProduct-link woocommerce-loop-product__link\">Ensaio de Impacto &#8211; An\u00e1lise F\u00edsica do A\u00e7o<\/a><\/p><\/div><div class=\"price-wrapper\"><\/div>\t\t\t\t\t\t\t<\/div>\n\t\t\t\t\t\t<\/div>\n\t\t\t\t\t\t<\/div>\n\t\t\t\t\t<\/div><div class=\"col\" >\n\t\t\t\t\t\t<div class=\"col-inner\">\n\t\t\t\t\t\t\n<div class=\"badge-container absolute left top z-1\">\n\n<\/div>\n\t\t\t\t\t\t<div class=\"product-small box has-hover box-normal box-text-bottom\">\n\t\t\t\t\t\t\t<div class=\"box-image\" >\n\t\t\t\t\t\t\t\t<div class=\"image-cover\" style=\"padding-top:100%;\">\n\t\t\t\t\t\t\t\t\t<a href=\"https:\/\/aco.com.br\/inicio\/aco\/ensaio-de-tracao-e-compressao-analise-fisica-do-aco\/\" aria-label=\"Ensaio de Tra\u00e7\u00e3o e Compress\u00e3o - An\u00e1lise F\u00edsica do A\u00e7o\">\n\t\t\t\t\t\t\t\t\t\t<img loading=\"lazy\" decoding=\"async\" width=\"247\" height=\"247\" src=\"https:\/\/aco.com.br\/wp-content\/uploads\/2019\/03\/ensaio-de-tracao-297x297.jpg\" class=\"attachment-woocommerce_thumbnail size-woocommerce_thumbnail\" alt=\"Ensaio de Tra\u00e7\u00e3o e Compress\u00e3o - An\u00e1lise F\u00edsica do A\u00e7o | Ensaio de Tra\u00e7\u00e3o e Compress\u00e3o - An\u00e1lise F\u00edsica do A\u00e7o\" srcset=\"https:\/\/aco.com.br\/wp-content\/uploads\/2019\/03\/ensaio-de-tracao-297x297.jpg 297w, https:\/\/aco.com.br\/wp-content\/uploads\/2019\/03\/ensaio-de-tracao-280x280.jpg 280w, https:\/\/aco.com.br\/wp-content\/uploads\/2019\/03\/ensaio-de-tracao-100x100.jpg 100w\" sizes=\"auto, (max-width: 247px) 100vw, 247px\" \/>\t\t\t\t\t\t\t\t\t<\/a>\n\t\t\t\t\t\t\t\t\t\t\t\t\t\t\t\t\t\t \t\t\t\t\t\t\t\t<\/div>\n\t\t\t\t\t\t\t\t<div class=\"image-tools top right show-on-hover\">\n\t\t\t\t\t\t\t\t\t\t\t\t\t\t\t\t\t<\/div>\n\t\t\t\t\t\t\t\t\t\t\t\t\t\t\t\t\t<div class=\"image-tools grid-tools text-center hide-for-small bottom hover-slide-in show-on-hover\">\n\t\t\t\t\t\t\t\t\t\t\t\t\t\t\t\t\t\t\t<\/div>\n\t\t\t\t\t\t\t\t\t\t\t\t\t\t\t\t\t\t\t\t\t\t\t<\/div>\n\n\t\t\t\t\t\t\t<div class=\"box-text text-center\" >\n\t\t\t\t\t\t\t\t<div class=\"title-wrapper\">\t\t<p class=\"category uppercase is-smaller no-text-overflow product-cat op-7\">\n\t\t\tLaborat\u00f3rio Metalogr\u00e1fico\t\t<\/p>\n\t<p class=\"name product-title woocommerce-loop-product__title\"><a href=\"https:\/\/aco.com.br\/inicio\/aco\/ensaio-de-tracao-e-compressao-analise-fisica-do-aco\/\" class=\"woocommerce-LoopProduct-link woocommerce-loop-product__link\">Ensaio de Tra\u00e7\u00e3o e Compress\u00e3o &#8211; An\u00e1lise F\u00edsica do A\u00e7o<\/a><\/p><\/div><div class=\"price-wrapper\"><\/div>\t\t\t\t\t\t\t<\/div>\n\t\t\t\t\t\t<\/div>\n\t\t\t\t\t\t<\/div>\n\t\t\t\t\t<\/div><div class=\"col\" >\n\t\t\t\t\t\t<div class=\"col-inner\">\n\t\t\t\t\t\t\n<div class=\"badge-container absolute left top z-1\">\n\n<\/div>\n\t\t\t\t\t\t<div class=\"product-small box has-hover box-normal box-text-bottom\">\n\t\t\t\t\t\t\t<div class=\"box-image\" >\n\t\t\t\t\t\t\t\t<div class=\"image-cover\" style=\"padding-top:100%;\">\n\t\t\t\t\t\t\t\t\t<a href=\"https:\/\/aco.com.br\/inicio\/aco\/espectrometria-de-emissao-otica-analise-quimica-do-aco\/\" aria-label=\"Espectrometria de Emiss\u00e3o \u00d3tica - An\u00e1lise Qu\u00edmica do A\u00e7o\">\n\t\t\t\t\t\t\t\t\t\t<img loading=\"lazy\" decoding=\"async\" width=\"247\" height=\"247\" src=\"https:\/\/aco.com.br\/wp-content\/uploads\/2019\/04\/espectro-fotos-297x297.jpg\" class=\"attachment-woocommerce_thumbnail size-woocommerce_thumbnail\" alt=\"Espectrometro de emiss\u00e3o otica - Espectrometria Otica 64x Elementos - An\u00e1lises Qu\u00edmicas do A\u00e7o\" srcset=\"https:\/\/aco.com.br\/wp-content\/uploads\/2019\/04\/espectro-fotos-297x297.jpg 297w, https:\/\/aco.com.br\/wp-content\/uploads\/2019\/04\/espectro-fotos-280x280.jpg 280w, https:\/\/aco.com.br\/wp-content\/uploads\/2019\/04\/espectro-fotos-100x100.jpg 100w\" sizes=\"auto, (max-width: 247px) 100vw, 247px\" \/>\t\t\t\t\t\t\t\t\t<\/a>\n\t\t\t\t\t\t\t\t\t\t\t\t\t\t\t\t\t\t \t\t\t\t\t\t\t\t<\/div>\n\t\t\t\t\t\t\t\t<div class=\"image-tools top right show-on-hover\">\n\t\t\t\t\t\t\t\t\t\t\t\t\t\t\t\t\t<\/div>\n\t\t\t\t\t\t\t\t\t\t\t\t\t\t\t\t\t<div class=\"image-tools grid-tools text-center hide-for-small bottom hover-slide-in show-on-hover\">\n\t\t\t\t\t\t\t\t\t\t\t\t\t\t\t\t\t\t\t<\/div>\n\t\t\t\t\t\t\t\t\t\t\t\t\t\t\t\t\t\t\t\t\t\t\t<\/div>\n\n\t\t\t\t\t\t\t<div class=\"box-text text-center\" >\n\t\t\t\t\t\t\t\t<div class=\"title-wrapper\">\t\t<p class=\"category uppercase is-smaller no-text-overflow product-cat op-7\">\n\t\t\tLaborat\u00f3rio Metalogr\u00e1fico\t\t<\/p>\n\t<p class=\"name product-title woocommerce-loop-product__title\"><a href=\"https:\/\/aco.com.br\/inicio\/aco\/espectrometria-de-emissao-otica-analise-quimica-do-aco\/\" class=\"woocommerce-LoopProduct-link woocommerce-loop-product__link\">Espectrometria de Emiss\u00e3o \u00d3tica &#8211; An\u00e1lise Qu\u00edmica do A\u00e7o<\/a><\/p><\/div><div class=\"price-wrapper\"><\/div>\t\t\t\t\t\t\t<\/div>\n\t\t\t\t\t\t<\/div>\n\t\t\t\t\t\t<\/div>\n\t\t\t\t\t<\/div><\/div>\n\t<div id=\"gap-1346389711\" class=\"gap-element clearfix\" style=\"display:block; height:auto;\">\n\t\t\n<style>\n#gap-1346389711 {\n  padding-top: 30px;\n}\n<\/style>\n\t<\/div>\n\t\n<a rel=\"noopener noreferrer\" href=\"https:\/\/aco.com.br\/contato\" target=\"_blank\" class=\"button primary is-underline lowercase\"  >\n    <span>Entre em contato<\/span>\n  <\/a>\n\n<h4><img loading=\"lazy\" decoding=\"async\" class=\" wp-image-2477 aligncenter\" src=\"https:\/\/arrolamentos.com\/wp-content\/uploads\/2019\/10\/GRUPO-AR-300x300.png\" alt=\"GRUPO-AR \" width=\"124\" height=\"124\" \/><\/h4>\n<h4 style=\"text-align: center; max-width:500px; margin:auto auto;\">O<strong> Grupo A.R<\/strong>. \u00e9\u00a0 uma institui\u00e7\u00e3o corporativa do segmento industrial que \u00e9 constitu\u00edda por 3 pilares:<\/h4>\n\t\t<\/div>\n\t\t\t\t\t<\/div>\n\n\t\n\n\t<div id=\"col-1357981697\" class=\"col medium-4 small-12 large-4\"  >\n\t\t\t\t<div class=\"col-inner\"  >\n\t\t\t\n\t\t\t\n<h3><strong>A\u00e7os Roman (A\u00e7os Especiais)<\/strong><\/h3>\n<p style=\"text-align: left; font-size:0.85em;\">Holding do Grupo A.R. a empresa \u00e9 a Matriz que com mais de 60 anos de hist\u00f3ria traz solidez, tradi\u00e7\u00e3o e infraestrutura para as demais partes do Grupo A.R.<\/p>\n<p><a href=\"https:\/\/aco.com.br\/acosroman\/\" target=\"_blank\" rel=\"noopener noreferrer\"> Conhe\u00e7a mais sobre a <strong>A\u00e7os Roman<\/strong>, clicando aqui.<\/a><\/p>\n\t\t<\/div>\n\t\t\t\t\t<\/div>\n\n\t\n\n\t<div id=\"col-1948835182\" class=\"col medium-4 small-12 large-4\"  >\n\t\t\t\t<div class=\"col-inner\"  >\n\t\t\t\n\t\t\t\n<h3><strong>Laborat\u00f3rio A.R<\/strong><\/h3>\n<p style=\"text-align: left; font-size:0.85em;\">Um laborat\u00f3rio de \u00faltima gera\u00e7\u00e3o, capaz de realizar medi\u00e7\u00f5es de extrema acuracidade e alto grau de complexidade. An\u00e1lises qu\u00edmicas, f\u00edsicas, mec\u00e2nicas, estruturais, superficiais e tratamentos t\u00e9rmicos garantem o mais alto patamar no controle de qualidade do Grupo.<\/p>\n<p style=\"text-align: left;\"><a href=\"https:\/\/aco.com.br\/laboratorio-metalografico\/\" target=\"_blank\" rel=\"noopener noreferrer\"> Conhe\u00e7a mais sobre o <strong>Laborat\u00f3rio A.R<\/strong>, clicando aqui.<\/a><\/p>\n\t\t<\/div>\n\t\t\t\t\t<\/div>\n\n\t\n\n\t<div id=\"col-175087327\" class=\"col medium-4 small-12 large-4\"  >\n\t\t\t\t<div class=\"col-inner\"  >\n\t\t\t\n\t\t\t\n<h3><strong>AR Rolamentos<\/strong><\/h3>\n<p style=\"text-align: left; font-size: 0.85em;\">A <strong>AR Rolamentos<\/strong> por sua vez, \u00e9\u00a0 a &#8220;ponta da lan\u00e7a&#8221; do <strong>Grupo A\u00e7os Roman<\/strong>. Uma empresa moderna, que investe todo seu potencial em tecnologia e maquin\u00e1rio de \u00faltima gera\u00e7\u00e3o, para atender os mais exigentes do mercado mundial. Multinacionais e grandes corpora\u00e7\u00f5es do Brasil e do exterior exigem nossos servi\u00e7os, e abra\u00e7am nossas solu\u00e7\u00f5ies industriais \u00daNICAS em todo cen\u00e1rio industrial.<\/p>\n<p style=\"text-align: left;\"><a href=\"http:\/\/arrolamentos.com\/\" target=\"_blank\" rel=\"noopener\">Conhe\u00e7a mais sobre a <strong>AR Rolamentos<\/strong> Clicando aqui<\/a><\/p>\n\t\t<\/div>\n\t\t\t\t\t<\/div>\n\n\t\n\n<style>\n#row-1634511336 > .col > .col-inner {\n  padding: 35px 35px 25px 35px;\n}\n<\/style>\n<\/div>\n","protected":false},"excerpt":{"rendered":"","protected":false},"author":1,"featured_media":0,"parent":0,"menu_order":0,"comment_status":"closed","ping_status":"closed","template":"","meta":{"inline_featured_image":false,"footnotes":""},"class_list":["post-5560","page","type-page","status-publish","hentry"],"aioseo_notices":[],"_links":{"self":[{"href":"https:\/\/aco.com.br\/inicio\/wp-json\/wp\/v2\/pages\/5560","targetHints":{"allow":["GET"]}}],"collection":[{"href":"https:\/\/aco.com.br\/inicio\/wp-json\/wp\/v2\/pages"}],"about":[{"href":"https:\/\/aco.com.br\/inicio\/wp-json\/wp\/v2\/types\/page"}],"author":[{"embeddable":true,"href":"https:\/\/aco.com.br\/inicio\/wp-json\/wp\/v2\/users\/1"}],"replies":[{"embeddable":true,"href":"https:\/\/aco.com.br\/inicio\/wp-json\/wp\/v2\/comments?post=5560"}],"version-history":[{"count":0,"href":"https:\/\/aco.com.br\/inicio\/wp-json\/wp\/v2\/pages\/5560\/revisions"}],"wp:attachment":[{"href":"https:\/\/aco.com.br\/inicio\/wp-json\/wp\/v2\/media?parent=5560"}],"curies":[{"name":"wp","href":"https:\/\/api.w.org\/{rel}","templated":true}]}}